{"id":78,"date":"2014-05-23T12:08:11","date_gmt":"2014-05-23T15:08:11","guid":{"rendered":"http:\/\/impermad.com.br\/singep\/?page_id=78"},"modified":"2021-06-24T17:36:20","modified_gmt":"2021-06-24T20:36:20","slug":"fast-track","status":"publish","type":"page","link":"https:\/\/singep.org.br\/9\/fast-track\/","title":{"rendered":"Fast Track"},"content":{"rendered":"\n<p><strong>Os melhores trabalhos ser\u00e3o selecionados para <em>fast track, <\/em>nas seguintes revistas cient\u00edficas:<\/strong><\/p>\n\n\n\n\t\t\t\t<link rel=\"stylesheet\" type=\"text\/css\" href=\"https:\/\/cdn.datatables.net\/v\/dt\/dt-1.10.25\/fh-3.1.9\/datatables.min.css\"\/>\n\t\t\t\t<script type=\"text\/javascript\" src=\"https:\/\/cdn.datatables.net\/v\/dt\/dt-1.10.25\/fh-3.1.9\/datatables.min.js\"><\/script>\n\n\n\t\t\t\t<script>\n\t\t\tjQuery(document).ready(function() {\n\t\t\t\tjQuery('#dataTables-revistas').DataTable({\n\t\t\t\t    fixedHeader: true,\n\t\t\t\t\tresponsive: true,\n\t\t\t\t\tpaging: false\n\t\t\t\t});\n\t\t\t});\n\t\t<\/script>\n\t\t\t\t<table class=\"display dataTable\" id=\"dataTables-revistas\">\n\t\t\t\t\t<thead>\n\t\t\t\t\t\t<tr>\n\t\t\t\t\t\t\t<th style=\"width: 85%;\">Nome<\/th>\n\t\t\t\t\t\t\t<th style=\"width: 15%;\" >Qualis 2016 ADM<\/th>\n\n\t\t\t\t\t\t<\/tr>\n\t\t\t\t\t<\/thead>\n\t\t\t\t\t<tbody>\n\t\t\t\t\t\t\t\t\t\t\t\t\t<tr class=\"odd gradeX\">\n\t\t\t\t\t\t\t\t<td><a href=\"https:\/\/periodicos.uninove.br\/remark\/\" target=\"_blank\">BJMkt - Brazilian Journal of Marketing<\/a><\/td>\n\t\t\t\t\t\t\t\t<td class=\"text-center\"><center>B1<\/center><\/td>\n\n\t\t\t\t\t\t\t<\/tr>\n\t\t\t\t\t\t\t\t\t\t\t\t\t\t<tr class=\"odd gradeX\">\n\t\t\t\t\t\t\t\t<td><a href=\"https:\/\/www.revistafuture.org\/FSRJ\" target=\"_blank\">FUTURE - Studies Research Journal<\/a><\/td>\n\t\t\t\t\t\t\t\t<td class=\"text-center\"><center>B2<\/center><\/td>\n\n\t\t\t\t\t\t\t<\/tr>\n\t\t\t\t\t\t\t\t\t\t\t\t\t\t<tr class=\"odd gradeX\">\n\t\t\t\t\t\t\t\t<td><a href=\"http:\/\/seer.uscs.edu.br\/index.php\/revista_gestao\/\" target=\"_blank\">G&R - Gest\u00e3o & Regionalidade<\/a><\/td>\n\t\t\t\t\t\t\t\t<td class=\"text-center\"><center>B2<\/center><\/td>\n\n\t\t\t\t\t\t\t<\/tr>\n\t\t\t\t\t\t\t\t\t\t\t\t\t\t<tr class=\"odd gradeX\">\n\t\t\t\t\t\t\t\t<td><a href=\"https:\/\/periodicos.uninove.br\/gep\" target=\"_blank\">GeP - Revista de Gest\u00e3o e Projetos<\/a><\/td>\n\t\t\t\t\t\t\t\t<td class=\"text-center\"><center>B2<\/center><\/td>\n\n\t\t\t\t\t\t\t<\/tr>\n\t\t\t\t\t\t\t\t\t\t\t\t\t\t<tr class=\"odd gradeX\">\n\t\t\t\t\t\t\t\t<td><a href=\"https:\/\/periodicos.uninove.br\/innovation\" target=\"_blank\">IJI  - International Journal of Innovation<\/a><\/td>\n\t\t\t\t\t\t\t\t<td class=\"text-center\"><center>B3<\/center><\/td>\n\n\t\t\t\t\t\t\t<\/tr>\n\t\t\t\t\t\t\t\t\t\t\t\t\t\t<tr class=\"odd gradeX\">\n\t\t\t\t\t\t\t\t<td><a href=\"https:\/\/periodicos.uninove.br\/iptec\" target=\"_blank\">IPTEC - Revista Inova\u00e7\u00e3o, Projetos e Tecnologias<\/a><\/td>\n\t\t\t\t\t\t\t\t<td class=\"text-center\"><center>B3<\/center><\/td>\n\n\t\t\t\t\t\t\t<\/tr>\n\t\t\t\t\t\t\t\t\t\t\t\t\t\t<tr class=\"odd gradeX\">\n\t\t\t\t\t\t\t\t<td><a href=\"http:\/\/rausp.usp.br\/\" target=\"_blank\">RAUSP - Management Journal<\/a><\/td>\n\t\t\t\t\t\t\t\t<td class=\"text-center\"><center>A2<\/center><\/td>\n\n\t\t\t\t\t\t\t<\/tr>\n\t\t\t\t\t\t\t\t\t\t\t\t\t\t<tr class=\"odd gradeX\">\n\t\t\t\t\t\t\t\t<td><a href=\"https:\/\/www.regepe.org.br\/regepe\" target=\"_blank\">REGEPE - Revista de Empreendedorismo e Gest\u00e3o de Pequenas Empresas<\/a><\/td>\n\t\t\t\t\t\t\t\t<td class=\"text-center\"><center>B1<\/center><\/td>\n\n\t\t\t\t\t\t\t<\/tr>\n\t\t\t\t\t\t\t\t\t\t\t\t\t\t<tr class=\"odd gradeX\">\n\t\t\t\t\t\t\t\t<td><a href=\"https:\/\/periodicos.uninove.br\/riae\" target=\"_blank\">RIAE - Revista Ibero-Americana de Estrat\u00e9gia<\/a><\/td>\n\t\t\t\t\t\t\t\t<td class=\"text-center\"><center>B2<\/center><\/td>\n\n\t\t\t\t\t\t\t<\/tr>\n\t\t\t\t\t\t\t\t\t\t\t\t\t\t<tr class=\"odd gradeX\">\n\t\t\t\t\t\t\t\t<td><a href=\"http:\/\/remipe.fatecosasco.edu.br\/index.php\/remipe\" target=\"_blank\">REMIPE - Revista de Micro e Pequenas Empresas e Empreendedorismo da Fatec Osasco<\/a><\/td>\n\t\t\t\t\t\t\t\t<td class=\"text-center\"><center>B3<\/center><\/td>\n\n\t\t\t\t\t\t\t<\/tr>\n\t\t\t\t\t\t\t\t\t\t\t\t\t\t<tr class=\"odd gradeX\">\n\t\t\t\t\t\t\t\t<td><a href=\"http:\/\/periodicos.ufc.br\/contextus\" target=\"_blank\">CONTEXTUS - Revista Contempor\u00e2nea de Economia e Gest\u00e3o<\/a><\/td>\n\t\t\t\t\t\t\t\t<td class=\"text-center\"><center>B1<\/center><\/td>\n\n\t\t\t\t\t\t\t<\/tr>\n\t\t\t\t\t\t\t\t\t\t\t\t\t\t<tr class=\"odd gradeX\">\n\t\t\t\t\t\t\t\t<td><a href=\"https:\/\/www.emeraldgrouppublishing.com\/journal\/inmr#author-guidelines\" target=\"_blank\">INMR - Innovation & Management Review<\/a><\/td>\n\t\t\t\t\t\t\t\t<td class=\"text-center\"><center>B1<\/center><\/td>\n\n\t\t\t\t\t\t\t<\/tr>\n\t\t\t\t\t\t\t\t\t\t\t\t\t\t<tr class=\"odd gradeX\">\n\t\t\t\t\t\t\t\t<td><a href=\"https:\/\/revista.feb.unesp.br\/index.php\/gepros\" target=\"_blank\">GEPROS - Revista Gest\u00e3o da Produ\u00e7\u00e3o Opera\u00e7\u00f5es e Sistemas<\/a><\/td>\n\t\t\t\t\t\t\t\t<td class=\"text-center\"><center>B3<\/center><\/td>\n\n\t\t\t\t\t\t\t<\/tr>\n\t\t\t\t\t\t\t\t\t\t\t\t\t\t<tr class=\"odd gradeX\">\n\t\t\t\t\t\t\t\t<td><a href=\"https:\/\/rgsa.emnuvens.com.br\/rgsa\" target=\"_blank\">RGSA - Revista de Gest\u00e3o Social e Ambiental<\/a><\/td>\n\t\t\t\t\t\t\t\t<td class=\"text-center\"><center>B1<\/center><\/td>\n\n\t\t\t\t\t\t\t<\/tr>\n\t\t\t\t\t\t\t\t\t\t\t\t\t\t<tr class=\"odd gradeX\">\n\t\t\t\t\t\t\t\t<td><a href=\"https:\/\/www.rasi.vr.uff.br\/index.php\/rasi\/index\" target=\"_blank\">RASI - Revista de Administra\u00e7\u00e3o Sociedade e Inova\u00e7\u00e3o<\/a><\/td>\n\t\t\t\t\t\t\t\t<td class=\"text-center\"><center>B3<\/center><\/td>\n\n\t\t\t\t\t\t\t<\/tr>\n\t\t\t\t\t\t\t\t\t\t\t\t\t\t<tr class=\"odd gradeX\">\n\t\t\t\t\t\t\t\t<td><a href=\"http:\/\/periodicos.pucminas.br\/index.php\/economiaegestao\" target=\"_blank\">E&G - Revista Economia & Gest\u00e3o<\/a><\/td>\n\t\t\t\t\t\t\t\t<td class=\"text-center\"><center>B2<\/center><\/td>\n\n\t\t\t\t\t\t\t<\/tr>\n\t\t\t\t\t\t\t\t\t\t\t\t\t\t<tr class=\"odd gradeX\">\n\t\t\t\t\t\t\t\t<td><a href=\"http:\/\/www.ijbmkt.org\/index.php\/ijbmkt\" target=\"_blank\">IJBMKT - International Journal of Business Marketing<\/a><\/td>\n\t\t\t\t\t\t\t\t<td class=\"text-center\"><center>B4<\/center><\/td>\n\n\t\t\t\t\t\t\t<\/tr>\n\t\t\t\t\t\t\t\t\t\t\t\t\t\t<tr class=\"odd gradeX\">\n\t\t\t\t\t\t\t\t<td><a href=\"https:\/\/periodicos.uninove.br\/exacta\" target=\"_blank\">Exacta - Engenharia de Produ\u00e7\u00e3o<\/a><\/td>\n\t\t\t\t\t\t\t\t<td class=\"text-center\"><center>B2<\/center><\/td>\n\n\t\t\t\t\t\t\t<\/tr>\n\t\t\t\t\t\t\t\t\t\t\t\t\t\t<tr class=\"odd gradeX\">\n\t\t\t\t\t\t\t\t<td><a href=\"https:\/\/revistafoco.emnuvens.com.br\/foco\" target=\"_blank\">FOCO - Revista FOCO - Interdisciplinary Studies<\/a><\/td>\n\t\t\t\t\t\t\t\t<td class=\"text-center\"><center>B4<\/center><\/td>\n\n\t\t\t\t\t\t\t<\/tr>\n\t\t\t\t\t\t\t\t\t\t\t\t\t\t<tr class=\"odd gradeX\">\n\t\t\t\t\t\t\t\t<td><a href=\"http:\/\/openaccessojs.com\/JBReview\" target=\"_blank\">JBReview - International Journal of Professional Business Review<\/a><\/td>\n\t\t\t\t\t\t\t\t<td class=\"text-center\"><center>B5<\/center><\/td>\n\n\t\t\t\t\t\t\t<\/tr>\n\t\t\t\t\t\t\t\t\t\t\t\t\t\t<tr class=\"odd gradeX\">\n\t\t\t\t\t\t\t\t<td><a href=\"http:\/\/revista.unicuritiba.edu.br\/index.php\/admrevista\/index\" target=\"_blank\">AER - Administra\u00e7\u00e3o de Empresas em Revista<\/a><\/td>\n\t\t\t\t\t\t\t\t<td class=\"text-center\"><center>B3<\/center><\/td>\n\n\t\t\t\t\t\t\t<\/tr>\n\t\t\t\t\t\t\t\t\t\t\t\t\t\t<tr class=\"odd gradeX\">\n\t\t\t\t\t\t\t\t<td><a href=\"https:\/\/periodicos.feevale.br\/seer\/index.php\/revistagestaoedesenvolvimento\" target=\"_blank\">G&D - Revista Gest\u00e3o & Desenvolvimento<\/a><\/td>\n\t\t\t\t\t\t\t\t<td class=\"text-center\"><center>B3<\/center><\/td>\n\n\t\t\t\t\t\t\t<\/tr>\n\t\t\t\t\t\t\t\t\t\t\t\t\t\t<tr class=\"odd gradeX\">\n\t\t\t\t\t\t\t\t<td><a href=\"http:\/\/revistagt.fpl.edu.br\/get\" target=\"_blank\">G&T - Revista Gest\u00e3o & Tecnologia - Journal of Management & Technology<\/a><\/td>\n\t\t\t\t\t\t\t\t<td class=\"text-center\"><center>B2<\/center><\/td>\n\n\t\t\t\t\t\t\t<\/tr>\n\t\t\t\t\t\t\t\t\t\t\t\t\t\t<tr class=\"odd gradeX\">\n\t\t\t\t\t\t\t\t<td><a href=\"https:\/\/periodicos.uninove.br\/podium\" target=\"_blank\">PODIUM - Sport, Leisure and Tourism Review<\/a><\/td>\n\t\t\t\t\t\t\t\t<td class=\"text-center\"><center>B3<\/center><\/td>\n\n\t\t\t\t\t\t\t<\/tr>\n\t\t\t\t\t\t\t\t\t\t\t\t\t\t<tr class=\"odd gradeX\">\n\t\t\t\t\t\t\t\t<td><a href=\"http:\/\/www.revistageas.org.br\/ojs\/index.php\/geas\" target=\"_blank\">GEAS - Revista de Gest\u00e3o Ambiental e Sustentabilidade<\/a><\/td>\n\t\t\t\t\t\t\t\t<td class=\"text-center\"><center>B2<\/center><\/td>\n\n\t\t\t\t\t\t\t<\/tr>\n\t\t\t\t\t\t\t\t\t\t\t\t\t\t<tr class=\"odd gradeX\">\n\t\t\t\t\t\t\t\t<td><a href=\"http:\/\/regeusp.com.br\/\" target=\"_blank\">REGE - Revista de Gest\u00e3o<\/a><\/td>\n\t\t\t\t\t\t\t\t<td class=\"text-center\"><center>B1<\/center><\/td>\n\n\t\t\t\t\t\t\t<\/tr>\n\t\t\t\t\t\t\t\t\t\t\t\t\t\t<tr class=\"odd gradeX\">\n\t\t\t\t\t\t\t\t<td><a href=\"https:\/\/internext.espm.br\/internext\" target=\"_blank\">Internext - Revista Eletr\u00f4nica de Neg\u00f3cios Internacionais<\/a><\/td>\n\t\t\t\t\t\t\t\t<td class=\"text-center\"><center>B2<\/center><\/td>\n\n\t\t\t\t\t\t\t<\/tr>\n\t\t\t\t\t\t\t\t\t\t\t\t\t\t<tr class=\"odd gradeX\">\n\t\t\t\t\t\t\t\t<td><a href=\"http:\/\/revista.unicuritiba.edu.br\/index.php\/RIMA\" target=\"_blank\">RIMA - Rela\u00e7\u00f5es Internacionais no Mundo Atual<\/a><\/td>\n\t\t\t\t\t\t\t\t<td class=\"text-center\"><center>-<\/center><\/td>\n\n\t\t\t\t\t\t\t<\/tr>\n\t\t\t\t\t\t\t\t\t\t\t\t\t\t<tr class=\"odd gradeX\">\n\t\t\t\t\t\t\t\t<td><a href=\"http:\/\/periodicos.puc-campinas.edu.br\/seer\/index.php\/sustentabilidade\" target=\"_blank\">Sustentabilidade - Di\u00e1logos Interdisciplinares<\/a><\/td>\n\t\t\t\t\t\t\t\t<td class=\"text-center\"><center>B4<\/center><\/td>\n\n\t\t\t\t\t\t\t<\/tr>\n\t\t\t\t\t\t\t\t\t\t\t\t\t\t<tr class=\"odd gradeX\">\n\t\t\t\t\t\t\t\t<td><a href=\"https:\/\/siaiap32.univali.br\/\/seer\/index.php\/ra\/index\" target=\"_blank\">ALCANCE - Revista Alcance<\/a><\/td>\n\t\t\t\t\t\t\t\t<td class=\"text-center\"><center>B2<\/center><\/td>\n\n\t\t\t\t\t\t\t<\/tr>\n\t\t\t\t\t\t\t\t\t\t\t\t\t\t<tr class=\"odd gradeX\">\n\t\t\t\t\t\t\t\t<td><a href=\"https:\/\/journaluts.emnuvens.com.br\/journaluts\" target=\"_blank\">JUTS - Journal of Urban Technology and Sustainability<\/a><\/td>\n\t\t\t\t\t\t\t\t<td class=\"text-center\"><center>-<\/center><\/td>\n\n\t\t\t\t\t\t\t<\/tr>\n\t\t\t\t\t\t\t\t\t\t\t\t\t\t<tr class=\"odd gradeX\">\n\t\t\t\t\t\t\t\t<td><a href=\"https:\/\/www.revistacgg.org\/contabil\" target=\"_blank\">CGG - Contabilidade, Gest\u00e3o & Governan\u00e7a<\/a><\/td>\n\t\t\t\t\t\t\t\t<td class=\"text-center\"><center>B1<\/center><\/td>\n\n\t\t\t\t\t\t\t<\/tr>\n\t\t\t\t\t\t\t\t\t\t\t\t\t\t<tr class=\"odd gradeX\">\n\t\t\t\t\t\t\t\t<td><a href=\"https:\/\/www.rmr.emnuvens.com.br\/rmr\" target=\"_blank\">RMR - Retail Management Review<\/a><\/td>\n\t\t\t\t\t\t\t\t<td class=\"text-center\"><center>-<\/center><\/td>\n\n\t\t\t\t\t\t\t<\/tr>\n\t\t\t\t\t\t\t\t\t\t\t\t\t\t<tr class=\"odd gradeX\">\n\t\t\t\t\t\t\t\t<td><a href=\"https:\/\/rbgn.fecap.br\/RBGN\" target=\"_blank\">RBGN - Revista Brasileira de Gest\u00e3o e Neg\u00f3cios<\/a><\/td>\n\t\t\t\t\t\t\t\t<td class=\"text-center\"><center>A2<\/center><\/td>\n\n\t\t\t\t\t\t\t<\/tr>\n\t\t\t\t\t\t\t\t\t\t\t\t\t\t<tr class=\"odd gradeX\">\n\t\t\t\t\t\t\t\t<td><a href=\"https:\/\/revistas.pucsp.br\/index.php\/CAFI\/issue\/view\/2526\" target=\"_blank\">CAFI - Contabilidade, Atu\u00e1ria, Finan\u00e7as & Informa\u00e7\u00e3o<\/a><\/td>\n\t\t\t\t\t\t\t\t<td class=\"text-center\"><center>-<\/center><\/td>\n\n\t\t\t\t\t\t\t<\/tr>\n\t\t\t\t\t\t\t\t\t\t\t\t\t\t<tr class=\"odd gradeX\">\n\t\t\t\t\t\t\t\t<td><a href=\"http:\/\/www.fipen.edu.br\/hermes1\/index.php\/hermes1\/index\" target=\"_blank\">FIPEN - REVISTA CIENT\u00cdFICA HERMES <\/a><\/td>\n\t\t\t\t\t\t\t\t<td class=\"text-center\"><center>-<\/center><\/td>\n\n\t\t\t\t\t\t\t<\/tr>\n\t\t\t\t\t\t\t\t\t\t\t\t\t\t<tr class=\"odd gradeX\">\n\t\t\t\t\t\t\t\t<td><a href=\"https:\/\/ojs.eniac.com.br\/index.php\/EniacPesquisa\/about\" target=\"_blank\">Eniac - Revista Eniac Pesquisa<\/a><\/td>\n\t\t\t\t\t\t\t\t<td class=\"text-center\"><center>-<\/center><\/td>\n\n\t\t\t\t\t\t\t<\/tr>\n\t\t\t\t\t\t\t\t\t\t\t\t<\/tbody>\n\t\t\t\t<\/table>\n\t\t\t\t\n\n\n\n<p><\/p>\n\n\n\n<p><strong>Nesta edi\u00e7\u00e3o do Evento, al\u00e9m de indica\u00e7\u00e3o para <em>fast track<\/em>, tamb\u00e9m haver\u00e1 sele\u00e7\u00e3o de trabalhos para os n\u00fameros especiais da:<\/strong><\/p>\n\n\n\n<ul class=\"wp-block-list\"><li>Revista de Gest\u00e3o e Projetos \u2013 GeP |&nbsp;<a rel=\"noreferrer noopener\" href=\"https:\/\/periodicos.uninove.br\/index.php?journal=gep&amp;page=index\" target=\"_blank\">https:\/\/periodicos.uninove.br\/index.php?journal=gep&amp;page=index<\/a><\/li><li>Revista Inova\u00e7\u00e3o, Projetos e Tecnologia \u2013 IPTEC |&nbsp;<a rel=\"noreferrer noopener\" href=\"https:\/\/periodicos.uninove.br\/index.php?journal=iptec\" target=\"_blank\">https:\/\/periodicos.uninove.br\/index.php?journal=iptec<\/a><\/li><li>International Journal of Innovation (IJI Journal) |&nbsp;<a rel=\"noreferrer noopener\" href=\"http:\/\/www.journaliji.org\/index.php\/iji\" target=\"_blank\">http:\/\/www.journaliji.org\/index.php\/iji<\/a><\/li><\/ul>\n\n\n\n<p><\/p>\n\n\n\n<div class=\"wp-block-columns has-2-columns is-layout-flex wp-container-core-columns-is-layout-9d6595d7 wp-block-columns-is-layout-flex\">\n<div class=\"wp-block-column is-layout-flow wp-block-column-is-layout-flow\">\n<div class=\"wp-block-image\"><figure class=\"alignleft is-resized\"><img loading=\"lazy\" decoding=\"async\" src=\"http:\/\/singep.org.br\/9\/wp-content\/uploads\/sites\/3\/2018\/05\/gep-300x135.jpg\" alt=\"\" class=\"wp-image-5541\" width=\"187\" height=\"84\" srcset=\"https:\/\/singep.org.br\/9\/wp-content\/uploads\/sites\/5\/2018\/05\/gep-300x135.jpg 300w, https:\/\/singep.org.br\/9\/wp-content\/uploads\/sites\/5\/2018\/05\/gep-150x68.jpg 150w, https:\/\/singep.org.br\/9\/wp-content\/uploads\/sites\/5\/2018\/05\/gep.jpg 513w\" sizes=\"auto, (max-width: 187px) 100vw, 187px\" \/><\/figure><\/div>\n\n\n\n<p><\/p>\n<\/div>\n\n\n\n<div class=\"wp-block-column is-layout-flow wp-block-column-is-layout-flow\">\n<div class=\"wp-block-image\"><figure class=\"alignleft is-resized\"><img loading=\"lazy\" decoding=\"async\" src=\"http:\/\/singep.org.br\/9\/wp-content\/uploads\/sites\/3\/2018\/05\/iptec-300x188.jpg\" alt=\"\" class=\"wp-image-5543\" width=\"134\" height=\"84\" srcset=\"https:\/\/singep.org.br\/9\/wp-content\/uploads\/sites\/5\/2018\/05\/iptec-300x188.jpg 300w, https:\/\/singep.org.br\/9\/wp-content\/uploads\/sites\/5\/2018\/05\/iptec-150x94.jpg 150w, https:\/\/singep.org.br\/9\/wp-content\/uploads\/sites\/5\/2018\/05\/iptec.jpg 441w\" sizes=\"auto, (max-width: 134px) 100vw, 134px\" \/><\/figure><\/div>\n\n\n\n<p><\/p>\n<\/div>\n\n\n\n<div class=\"wp-block-column is-layout-flow wp-block-column-is-layout-flow\">\n<figure class=\"wp-block-image size-large is-resized\"><img loading=\"lazy\" decoding=\"async\" src=\"https:\/\/singep.org.br\/9\/wp-content\/uploads\/sites\/5\/2021\/05\/iji.png\" alt=\"\" class=\"wp-image-6473\" width=\"168\" height=\"86\" srcset=\"https:\/\/singep.org.br\/9\/wp-content\/uploads\/sites\/5\/2021\/05\/iji.png 335w, https:\/\/singep.org.br\/9\/wp-content\/uploads\/sites\/5\/2021\/05\/iji-300x153.png 300w, https:\/\/singep.org.br\/9\/wp-content\/uploads\/sites\/5\/2021\/05\/iji-150x77.png 150w\" sizes=\"auto, (max-width: 168px) 100vw, 168px\" \/><\/figure>\n<\/div>\n<\/div>\n","protected":false},"excerpt":{"rendered":"<p>Os melhores trabalhos ser\u00e3o selecionados para fast track, nas seguintes revistas cient\u00edficas: Nesta edi\u00e7\u00e3o do Evento, al\u00e9m de indica\u00e7\u00e3o para fast track, tamb\u00e9m haver\u00e1 sele\u00e7\u00e3o de trabalhos para os n\u00fameros especiais da: Revista de Gest\u00e3o e Projetos \u2013 GeP |&nbsp;https:\/\/periodicos.uninove.br\/index.php?journal=gep&amp;page=index Revista Inova\u00e7\u00e3o, Projetos e Tecnologia \u2013 IPTEC |&nbsp;https:\/\/periodicos.uninove.br\/index.php?journal=iptec International Journal of Innovation (IJI Journal) |&nbsp;http:\/\/www.journaliji.org\/index.php\/iji<\/p>\n","protected":false},"author":1,"featured_media":0,"parent":0,"menu_order":0,"comment_status":"closed","ping_status":"closed","template":"","meta":{"footnotes":""},"class_list":["post-78","page","type-page","status-publish","hentry"],"_links":{"self":[{"href":"https:\/\/singep.org.br\/9\/wp-json\/wp\/v2\/pages\/78","targetHints":{"allow":["GET"]}}],"collection":[{"href":"https:\/\/singep.org.br\/9\/wp-json\/wp\/v2\/pages"}],"about":[{"href":"https:\/\/singep.org.br\/9\/wp-json\/wp\/v2\/types\/page"}],"author":[{"embeddable":true,"href":"https:\/\/singep.org.br\/9\/wp-json\/wp\/v2\/users\/1"}],"replies":[{"embeddable":true,"href":"https:\/\/singep.org.br\/9\/wp-json\/wp\/v2\/comments?post=78"}],"version-history":[{"count":0,"href":"https:\/\/singep.org.br\/9\/wp-json\/wp\/v2\/pages\/78\/revisions"}],"wp:attachment":[{"href":"https:\/\/singep.org.br\/9\/wp-json\/wp\/v2\/media?parent=78"}],"curies":[{"name":"wp","href":"https:\/\/api.w.org\/{rel}","templated":true}]}}