{"id":67,"date":"2014-05-23T12:03:48","date_gmt":"2014-05-23T15:03:48","guid":{"rendered":"http:\/\/impermad.com.br\/singep\/?page_id=67"},"modified":"2021-09-16T12:37:54","modified_gmt":"2021-09-16T15:37:54","slug":"formatacao-poster","status":"publish","type":"page","link":"https:\/\/singep.org.br\/9\/regras-para-submissao\/formatacao-poster\/","title":{"rendered":"Formata\u00e7\u00e3o P\u00f4ster"},"content":{"rendered":"\n<p><strong>Cada autor poder\u00e1 submeter, no m\u00e1ximo, 4 trabalhos para o evento SINGEP, sendo que ser\u00e3o somente 3 trabalhos em cada modalidade.<\/strong><\/p>\n\n\n\n<p>Ex.: Um autor poder\u00e1 submeter 3 trabalhos para a modalidade artigo cient\u00edfico e 1 trabalho para a modalidade p\u00f4ster.<\/p>\n\n\n\n<p>Para a modalidade de p\u00f4ster, os interessados devem enviar um RESUMO incluindo: t\u00edtulo, contextualiza\u00e7\u00e3o, objetivos, metodologia, fundamenta\u00e7\u00e3o te\u00f3rica, resultados e an\u00e1lises, considera\u00e7\u00f5es finais, refer\u00eancias.<\/p>\n\n\n\n<p><strong><strong><u><strong>TEMPLATE PARA SUBMISS\u00c3O DO RESUMO DO P\u00d4STER<\/strong><\/u>:<\/strong><\/strong>&nbsp;A utiliza\u00e7\u00e3o do template para o resumo \u00e9 obrigat\u00f3ria. Arquivos que forem encaminhados sem o template ser\u00e3o automaticamente desclassificados. (<a rel=\"noreferrer noopener\" href=\"https:\/\/singep.org.br\/9\/wp-content\/uploads\/sites\/5\/2021\/07\/template_IXSINGEP_Resumo-Poster_2021_novo2.docx\" data-type=\"URL\" data-id=\"https:\/\/singep.org.br\/9\/wp-content\/uploads\/sites\/5\/2021\/07\/template_IXSINGEP_Resumo-Poster_2021_novo2.docx\" target=\"_blank\">clique aqui para fazer o Download<\/a>).<\/p>\n\n\n\n<p><strong><u><strong>INFORMA\u00c7\u00d5ES ADICIONAIS<\/strong><\/u>:<\/strong> <strong>Al\u00e9m do resumo no formato do template, tamb\u00e9m ser\u00e1 necess\u00e1rio providenciar as seguintes informa\u00e7\u00f5es a serem inseridas na p\u00e1gina de envio de trabalho (etapa 1):<\/strong><\/p>\n\n\n\n<ul class=\"wp-block-list\"><li>T\u00edtulo do trabalho (em portugu\u00eas): letras mai\u00fasculas.<\/li><li>T\u00edtulo do trabalho (em ingl\u00eas): letras mai\u00fasculas.<\/li><li>Resumo: resumo geral em texto corrido e sua composi\u00e7\u00e3o deve ter&nbsp;at\u00e9 150 palavras.<\/li><li>Abstract: deve ser registrado nos mesmos par\u00e2metros do resumo geral em portugu\u00eas.<\/li><li>Palavras-chave: no m\u00ednimo tr\u00eas (3), no m\u00e1ximo cinco (5).<\/li><li>Keywords: devem ser registradas nos mesmos par\u00e2metros das palavras-chave em portugu\u00eas.<\/li><\/ul>\n\n\n\n<p><\/p>\n\n\n\n<p><strong><u><strong>REGRAS PARA CONFEC\u00c7\u00c3O DO P\u00d4STER<\/strong><\/u>, em caso de resumos aceitos:<\/strong><\/p>\n\n\n\n<p><strong>A elabora\u00e7\u00e3o e apresenta\u00e7\u00e3o do p\u00f4ster aceito devem seguir as orienta\u00e7\u00f5es abaixo:<\/strong><\/p>\n\n\n\n<ol class=\"wp-block-list\"><li>As sess\u00f5es de apresenta\u00e7\u00f5es de p\u00f4steres ser\u00e3o semelhantes \u00e0s de artigos cient\u00edficos.<\/li><\/ol>\n\n\n\n<ol class=\"wp-block-list\" start=\"2\"><li>As sess\u00f5es paralelas de apresenta\u00e7\u00f5es de p\u00f4steres far\u00e3o parte da programa\u00e7\u00e3o geral.<\/li><\/ol>\n\n\n\n<ol class=\"wp-block-list\" start=\"3\"><li>O p\u00f4ster deve ser confeccionado pelos autores conforme as orienta\u00e7\u00f5es do <em>template<\/em>. O <em>template<\/em>&nbsp;est\u00e1 dispon\u00edvel no site do evento. Os blocos do <em>template<\/em>&nbsp;podem ser editados para melhor adequa\u00e7\u00e3o do conte\u00fado do p\u00f4ster, todavia as caracter\u00edsticas gerais do p\u00f4ster (incluindo o cabe\u00e7alho com logo do evento) devem ser mantidas.<\/li><\/ol>\n\n\n\n<p><\/p>\n\n\n\n<p><strong><u><strong>TEMPLATE PARA CONFEC\u00c7\u00c3O DO P\u00d4STER<\/strong><\/u>:<\/strong>&nbsp;A utiliza\u00e7\u00e3o do <em>template<\/em>&nbsp;para a confec\u00e7\u00e3o do p\u00f4ster \u00e9 obrigat\u00f3ria. Arquivos que forem encaminhados sem o <em>template<\/em>&nbsp;ser\u00e3o automaticamente desclassificados. (<a href=\"https:\/\/singep.org.br\/9\/wp-content\/uploads\/sites\/5\/2021\/09\/Template-de-Poster-IX-SINGEP.pptx\" data-type=\"URL\" data-id=\"https:\/\/singep.org.br\/9\/wp-content\/uploads\/sites\/5\/2021\/09\/Template-de-Poster-IX-SINGEP.pptx\" target=\"_blank\" rel=\"noreferrer noopener\">clique aqui para fazer o Download<\/a>).<\/p>\n\n\n\n<ol class=\"wp-block-list\" start=\"4\"><li>O apresentador do p\u00f4ster dever\u00e1 estar presente durante toda a sess\u00e3o de apresenta\u00e7\u00e3o do seu p\u00f4ster para responder aos questionamentos.<\/li><\/ol>\n\n\n\n<ol class=\"wp-block-list\" start=\"5\"><li>Cada trabalho ser\u00e1 programado para apresenta\u00e7\u00e3o em apenas um dos dias do evento.<\/li><\/ol>\n\n\n\n<ol class=\"wp-block-list\" start=\"6\"><li>\u00c9 obrigat\u00f3rio que o t\u00edtulo do trabalho no p\u00f4ster seja id\u00eantico ao t\u00edtulo do trabalho submetido ao evento.<\/li><\/ol>\n\n\n\n<ol class=\"wp-block-list\" start=\"7\"><li>O(s) autor(es) deve(m) <strong>enviar em at\u00e9 24 horas antes do in\u00edcio do evento seu p\u00f4ster em formato PDF para o coordenador da sua sess\u00e3o<\/strong>\u00a0(a ser divulgado na programa\u00e7\u00e3o completa do evento). Assim, ele poder\u00e1 projetar o p\u00f4ster durante a apresenta\u00e7\u00e3o.<\/li><\/ol>\n\n\n\n<ol class=\"wp-block-list\" start=\"8\"><li>Na apresenta\u00e7\u00e3o, o(s) autor(es) deve(m) ter um <em>backup<\/em>&nbsp;do p\u00f4ster dispon\u00edvel para eventuais imprevistos. Caso seja necess\u00e1rio, o(s) autor(es) pode(m) apresentar o p\u00f4ster compartilhando a tela do seu computador.<\/li><\/ol>\n\n\n\n<ol class=\"wp-block-list\" start=\"9\"><li>\u00c9 proibida a apresenta\u00e7\u00e3o:<br>\u2013 De trabalhos apresentados sem caracter\u00edsticas de um p\u00f4ster;<br>\u2013 De p\u00f4steres que n\u00e3o obede\u00e7am \u00e0s normas gerais de tamanho e legibilidade.<\/li><\/ol>\n","protected":false},"excerpt":{"rendered":"<p>Cada autor poder\u00e1 submeter, no m\u00e1ximo, 4 trabalhos para o evento SINGEP, sendo que ser\u00e3o somente 3 trabalhos em cada modalidade. Ex.: Um autor poder\u00e1 submeter 3 trabalhos para a modalidade artigo cient\u00edfico e 1 trabalho para a modalidade p\u00f4ster. Para a modalidade de p\u00f4ster, os interessados devem enviar um RESUMO incluindo: t\u00edtulo, contextualiza\u00e7\u00e3o, objetivos, [&hellip;]<\/p>\n","protected":false},"author":1,"featured_media":0,"parent":32,"menu_order":0,"comment_status":"closed","ping_status":"closed","template":"","meta":{"footnotes":""},"class_list":["post-67","page","type-page","status-publish","hentry"],"_links":{"self":[{"href":"https:\/\/singep.org.br\/9\/wp-json\/wp\/v2\/pages\/67","targetHints":{"allow":["GET"]}}],"collection":[{"href":"https:\/\/singep.org.br\/9\/wp-json\/wp\/v2\/pages"}],"about":[{"href":"https:\/\/singep.org.br\/9\/wp-json\/wp\/v2\/types\/page"}],"author":[{"embeddable":true,"href":"https:\/\/singep.org.br\/9\/wp-json\/wp\/v2\/users\/1"}],"replies":[{"embeddable":true,"href":"https:\/\/singep.org.br\/9\/wp-json\/wp\/v2\/comments?post=67"}],"version-history":[{"count":0,"href":"https:\/\/singep.org.br\/9\/wp-json\/wp\/v2\/pages\/67\/revisions"}],"up":[{"embeddable":true,"href":"https:\/\/singep.org.br\/9\/wp-json\/wp\/v2\/pages\/32"}],"wp:attachment":[{"href":"https:\/\/singep.org.br\/9\/wp-json\/wp\/v2\/media?parent=67"}],"curies":[{"name":"wp","href":"https:\/\/api.w.org\/{rel}","templated":true}]}}