{"id":5687,"date":"2018-06-30T13:07:26","date_gmt":"2018-06-30T16:07:26","guid":{"rendered":"http:\/\/singep.org.br\/9\/?page_id=5687"},"modified":"2018-06-30T13:07:26","modified_gmt":"2018-06-30T16:07:26","slug":"gestion-de-proyectos","status":"publish","type":"page","link":"https:\/\/singep.org.br\/9\/gestion-de-proyectos\/?lang=es","title":{"rendered":"Gesti\u00f3n de Proyectos"},"content":{"rendered":"<p>Temas:<\/p>\n<ol>\n<li>Oficina de Proyectos, Madurez y Organizaciones con Base en Proyectos<\/li>\n<li>Estrategia y Gesti\u00f3n de Portafolio<\/li>\n<li>Metodolog\u00edas de Gesti\u00f3n de Proyectos<\/li>\n<li>Gesti\u00f3n del Conocimiento y Aprendizaje en Proyectos<\/li>\n<li>\u00c1reas de Especializaci\u00f3n en Gesti\u00f3n de Proyectos (Escopo, Plazo, Costos, Riesgos, RH, Comunicaci\u00f3n, Adquisiciones, Calidad, Partes Interesadas e Integraci\u00f3n)<\/li>\n<li>Sostenibilidad en Proyectos<\/li>\n<li>Gesti\u00f3n de Proyectos en el Sector P\u00fablico<\/li>\n<li>TI en apoyo a la Gesti\u00f3n de Proyectos y Proyectos Virtuales<\/li>\n<li>Proyectos en Ingenier\u00eda de Producci\u00f3n<\/li>\n<li>T\u00f3picos especiales en Gesti\u00f3n de Proyectos (Este tema contempla otros importantes t\u00f3picos sobre gesti\u00f3n de proyectos que no fueron presentados en los temas anteriores).<\/li>\n<\/ol>\n","protected":false},"excerpt":{"rendered":"<p>Temas: Oficina de Proyectos, Madurez y Organizaciones con Base en Proyectos Estrategia y Gesti\u00f3n de Portafolio Metodolog\u00edas de Gesti\u00f3n de Proyectos Gesti\u00f3n del Conocimiento y Aprendizaje en Proyectos \u00c1reas de Especializaci\u00f3n en Gesti\u00f3n de Proyectos (Escopo, Plazo, Costos, Riesgos, RH, Comunicaci\u00f3n, Adquisiciones, Calidad, Partes Interesadas e Integraci\u00f3n) Sostenibilidad en Proyectos Gesti\u00f3n de Proyectos en el [&hellip;]<\/p>\n","protected":false},"author":1,"featured_media":0,"parent":0,"menu_order":0,"comment_status":"closed","ping_status":"closed","template":"","meta":{"footnotes":""},"class_list":["post-5687","page","type-page","status-publish","hentry"],"_links":{"self":[{"href":"https:\/\/singep.org.br\/9\/wp-json\/wp\/v2\/pages\/5687","targetHints":{"allow":["GET"]}}],"collection":[{"href":"https:\/\/singep.org.br\/9\/wp-json\/wp\/v2\/pages"}],"about":[{"href":"https:\/\/singep.org.br\/9\/wp-json\/wp\/v2\/types\/page"}],"author":[{"embeddable":true,"href":"https:\/\/singep.org.br\/9\/wp-json\/wp\/v2\/users\/1"}],"replies":[{"embeddable":true,"href":"https:\/\/singep.org.br\/9\/wp-json\/wp\/v2\/comments?post=5687"}],"version-history":[{"count":0,"href":"https:\/\/singep.org.br\/9\/wp-json\/wp\/v2\/pages\/5687\/revisions"}],"wp:attachment":[{"href":"https:\/\/singep.org.br\/9\/wp-json\/wp\/v2\/media?parent=5687"}],"curies":[{"name":"wp","href":"https:\/\/api.w.org\/{rel}","templated":true}]}}