{"id":5564,"date":"2018-06-29T09:47:04","date_gmt":"2018-06-29T12:47:04","guid":{"rendered":"http:\/\/singep.org.br\/9\/?page_id=5564"},"modified":"2021-06-23T16:40:12","modified_gmt":"2021-06-23T19:40:12","slug":"vii-singep","status":"publish","type":"page","link":"https:\/\/singep.org.br\/9\/vii-singep\/?lang=es","title":{"rendered":"IX Singep &#038; 9 CIK"},"content":{"rendered":"\n<p>El\u00a0<strong>IX Simp\u00f3sio Internacional de Gest\u00e3o de Projetos, Inova\u00e7\u00e3o e Sustentabilidade (IX SINGEP)<\/strong>\u00a0tiene como principal objetivo ampliar el espacio para la discusi\u00f3n de los temas: Gesti\u00f3n de Proyectos, Innovaci\u00f3n y Emprendedorismo, Sostenibilidad, Estrategia, Marketing y Industria 4.0.<\/p>\n\n\n\n<p>El evento est\u00e1 orientado para el p\u00fablico acad\u00e9mico y profesional, y busca establecer contacto entre la pr\u00e1ctica y la teor\u00eda de las cuatro \u00e1reas. Tal iniciativa tiene el objetivo de proporcionar un espacio de relevancia para las discusiones, de car\u00e1cter cient\u00edfico y tecnol\u00f3gico, con la intenci\u00f3n de ampliar la formaci\u00f3n de los profesionales cuyas actividades se encuadran en esas cuatro \u00e1reas.<\/p>\n\n\n\n<p><strong>Realizado<\/strong><\/p>\n\n\n\n<figure class=\"wp-block-image size-large\"><img loading=\"lazy\" decoding=\"async\" width=\"443\" height=\"364\" src=\"https:\/\/singep.org.br\/9\/wp-content\/uploads\/sites\/5\/2021\/06\/logo_ppga_ppgp_2021-1.jpg\" alt=\"\" class=\"wp-image-6597\" srcset=\"https:\/\/singep.org.br\/9\/wp-content\/uploads\/sites\/5\/2021\/06\/logo_ppga_ppgp_2021-1.jpg 443w, https:\/\/singep.org.br\/9\/wp-content\/uploads\/sites\/5\/2021\/06\/logo_ppga_ppgp_2021-1-300x247.jpg 300w, https:\/\/singep.org.br\/9\/wp-content\/uploads\/sites\/5\/2021\/06\/logo_ppga_ppgp_2021-1-150x123.jpg 150w\" sizes=\"auto, (max-width: 443px) 100vw, 443px\" \/><\/figure>\n","protected":false},"excerpt":{"rendered":"<p>El\u00a0IX Simp\u00f3sio Internacional de Gest\u00e3o de Projetos, Inova\u00e7\u00e3o e Sustentabilidade (IX SINGEP)\u00a0tiene como principal objetivo ampliar el espacio para la discusi\u00f3n de los temas: Gesti\u00f3n de Proyectos, Innovaci\u00f3n y Emprendedorismo, Sostenibilidad, Estrategia, Marketing y Industria 4.0. El evento est\u00e1 orientado para el p\u00fablico acad\u00e9mico y profesional, y busca establecer contacto entre la pr\u00e1ctica y la [&hellip;]<\/p>\n","protected":false},"author":1,"featured_media":0,"parent":0,"menu_order":0,"comment_status":"closed","ping_status":"closed","template":"","meta":{"footnotes":""},"class_list":["post-5564","page","type-page","status-publish","hentry"],"_links":{"self":[{"href":"https:\/\/singep.org.br\/9\/wp-json\/wp\/v2\/pages\/5564","targetHints":{"allow":["GET"]}}],"collection":[{"href":"https:\/\/singep.org.br\/9\/wp-json\/wp\/v2\/pages"}],"about":[{"href":"https:\/\/singep.org.br\/9\/wp-json\/wp\/v2\/types\/page"}],"author":[{"embeddable":true,"href":"https:\/\/singep.org.br\/9\/wp-json\/wp\/v2\/users\/1"}],"replies":[{"embeddable":true,"href":"https:\/\/singep.org.br\/9\/wp-json\/wp\/v2\/comments?post=5564"}],"version-history":[{"count":0,"href":"https:\/\/singep.org.br\/9\/wp-json\/wp\/v2\/pages\/5564\/revisions"}],"wp:attachment":[{"href":"https:\/\/singep.org.br\/9\/wp-json\/wp\/v2\/media?parent=5564"}],"curies":[{"name":"wp","href":"https:\/\/api.w.org\/{rel}","templated":true}]}}