{"id":33,"date":"2014-05-23T14:09:06","date_gmt":"2014-05-23T17:09:06","guid":{"rendered":"http:\/\/impermad.com.br\/singep\/?page_id=33"},"modified":"2021-07-15T15:13:14","modified_gmt":"2021-07-15T18:13:14","slug":"formatacao-para-artigos-cientificos","status":"publish","type":"page","link":"https:\/\/singep.org.br\/9\/regras-para-submissao\/formatacao-para-artigos-cientificos\/","title":{"rendered":"Formata\u00e7\u00e3o para Artigos Cient\u00edficos"},"content":{"rendered":"\n<p><strong>Cada autor poder\u00e1 submeter, no m\u00e1ximo, 4 trabalhos para o evento SINGEP, sendo que ser\u00e3o somente 3 trabalhos em cada modalidade.<\/strong><\/p>\n\n\n\n<p>Ex.: Um autor poder\u00e1 submeter 3 trabalhos para a modalidade artigo cient\u00edfico e 1 trabalho para a modalidade p\u00f4ster.<\/p>\n\n\n\n<p><strong>Template:<\/strong>\u00a0A utiliza\u00e7\u00e3o do template \u00e9 obrigat\u00f3ria. Arquivos que forem encaminhados sem o template ser\u00e3o automaticamente desclassificados. (<a href=\"https:\/\/singep.org.br\/9\/wp-content\/uploads\/sites\/5\/2021\/07\/template_IXSINGEP_Artigo-Cientifico_2021_novo.docx\" data-type=\"URL\" data-id=\"https:\/\/singep.org.br\/9\/wp-content\/uploads\/sites\/5\/2021\/07\/template_IXSINGEP_Artigo-Cientifico_2021_novo.docx\" target=\"_blank\" rel=\"noreferrer noopener\">clique aqui para fazer o Download<\/a>).<\/p>\n\n\n\n<p><strong>Editor de texto:&nbsp;<\/strong>PDF<\/p>\n\n\n\n<p><strong>Idioma:<\/strong>&nbsp;Portugu\u00eas, Ingl\u00eas\nou Espanhol<\/p>\n\n\n\n<p><strong>Fonte do texto:&nbsp;<\/strong>Times\nNew Roman, corpo 12<\/p>\n\n\n\n<p><strong>Espa\u00e7amento entre linhas:<\/strong>&nbsp;simples<\/p>\n\n\n\n<p><strong>Espa\u00e7amento entre caracteres:&nbsp;<\/strong>normal<\/p>\n\n\n\n<p><strong>Limite de p\u00e1ginas:<\/strong>&nbsp;16\np\u00e1ginas<\/p>\n\n\n\n<p><strong>Tamanho do Papel:<\/strong>&nbsp;A4<\/p>\n\n\n\n<p><strong>Margens:<\/strong>&nbsp;Superior\n3cm \/ Inferior: 2 cm \/ Esquerda: 3 cm \/ Direita 2 cm<\/p>\n\n\n\n<p><strong>Par\u00e1grafo:<\/strong>&nbsp;Texto\nJustificado<\/p>\n\n\n\n<p><strong>Pagina\u00e7\u00e3o:<\/strong>&nbsp;Inserir\nn\u00famero de p\u00e1ginas no rodap\u00e9 com alinhamento ao lado direito.<\/p>\n\n\n\n<p><strong>Notas:&nbsp;<\/strong>N\u00e3o devem ser\ncolocadas no rodap\u00e9, mas inseridas como notas de final de texto.<\/p>\n\n\n\n<p><strong>Figuras e Tabelas:&nbsp;<\/strong>Todas as figuras e tabelas devem ter legendas e seguir as normas da APA. Sendo assim, no caso de figuras (quadros, gr\u00e1ficos, desenhos, etc.) as respectivas legendas devem ser posicionadas abaixo delas, justificadas \u00e0 esquerda, com fonte&nbsp;<em>Times New Roman<\/em>, tamanho 10 (dez). Nas tabelas, as legendas devem ser posicionadas acima delas, devem estar centralizadas e tamb\u00e9m terem fonte Times New Roman, tamanho 10 (dez). Um breve resumo e exemplos podem ser visualizados no site da ANPAD,&nbsp;<a href=\"http:\/\/www.anpad.org.br\/diversos\/apa\/apa_tabelas_figuras.pdf\" target=\"_blank\" rel=\"noreferrer noopener\">clicando aqui<\/a>.<\/p>\n\n\n\n<p>Cita\u00e7\u00f5es e refer\u00eancias bibliogr\u00e1ficas: As cita\u00e7\u00f5es dever\u00e3o ser\ninseridas no corpo do texto, de acordo com o sistema (autor-data),\nadicionando-se o n\u00famero da p\u00e1gina quando for o caso. As refer\u00eancias\nbibliogr\u00e1ficas dever\u00e3o ser apresentadas em ordem alfab\u00e9tica no final do\ntrabalho, de acordo com a norma American Psychological Association (APA). Um\nbreve resumo e exemplos podem ser visualizados no site da ANPAD,&nbsp;<a href=\"http:\/\/www.anpad.org.br\/diversos\/apa\/apa_citacoes_referencias.pdf\" target=\"_blank\" rel=\"noreferrer noopener\">clicando aqui<\/a>.<\/p>\n\n\n\n<p><strong>Observa\u00e7\u00f5es<\/strong><\/p>\n\n\n\n<p>Os trabalhos que n\u00e3o estejam de acordo com as caracter\u00edsticas e com os crit\u00e9rios t\u00e9cnicos exigidos pelo&nbsp;<strong>IX SINGEP<\/strong>&nbsp;n\u00e3o ter\u00e3o sua submiss\u00e3o aceita.<\/p>\n\n\n\n<p><strong>Dever\u00e1 ser enviado 1 \u00fanico arquivo, sem identifica\u00e7\u00e3o de autores, sem institui\u00e7\u00e3o e sem e-mail. Trabalhos cuja autoria seja identificada ser\u00e3o automaticamente exclu\u00eddos do evento.<\/strong><\/p>\n\n\n\n<p><strong>MODALIDADE ARTIGO CIENT\u00cdFICO<\/strong><\/p>\n\n\n\n<p>O artigo cient\u00edfico deve conter no m\u00ednimo oito (8) e no m\u00e1ximo de dezesseis (16) p\u00e1ginas, incluindo ilustra\u00e7\u00f5es, refer\u00eancias e notas de final de texto.<\/p>\n\n\n\n<p><strong>Conte\u00fado do trabalho:<\/strong><\/p>\n\n\n\n<p><strong>RESUMO ESTRUTURADO&nbsp;<\/strong><em>(p\u00e1gina de submiss\u00e3o)<\/em><em>:<\/em><\/p>\n\n\n\n<p><strong>Ao submeter o artigo,&nbsp;na pr\u00f3pria p\u00e1gina de envio de trabalho (etapa 1), dever\u00e1 ser preenchido o Resumo Estruturado em que consta:&nbsp;&nbsp;<\/strong><\/p>\n\n\n\n<ul class=\"wp-block-list\"><li>T\u00edtulo do trabalho (em portugu\u00eas): letras mai\u00fasculas.<\/li><li>T\u00edtulo do trabalho (em ingl\u00eas): letras mai\u00fasculas.<\/li><li>Resumo: resumo estruturado do artigo cient\u00edfico contempla os seguintes itens e na sua composi\u00e7\u00e3o deve ter&nbsp;at\u00e9 250 palavras:<ul><li>Objetivo do estudo<\/li><li>Relev\u00e2ncia\/originalidade<\/li><li>Metodologia\/abordagem<\/li><li>Principais resultados<\/li><li>Contribui\u00e7\u00f5es te\u00f3ricas\/metodol\u00f3gicas<\/li><li>Contribui\u00e7\u00f5es sociais\/para a gest\u00e3o<\/li><\/ul><\/li><li>Palavras-chave: no m\u00ednimo tr\u00eas (3), no m\u00e1ximo cinco (5).<\/li><li>Abstract: deve ser registrado nos mesmos par\u00e2metros do resumo em portugu\u00eas.<\/li><li>Keywords: devem ser registradas nos mesmos par\u00e2metros das palavras-chave em portugu\u00eas.<\/li><\/ul>\n\n\n\n<p><strong>Estrutura sugerida do trabalho (parte textual): Arquivo em PDF<\/strong><\/p>\n\n\n\n<p><strong>* N\u00e3o incluir o resumo estruturado no PDF, pois ser\u00e1 gerado a partir do sistema.<\/strong><\/p>\n\n\n\n<ul class=\"wp-block-list\"><li>Introdu\u00e7\u00e3o (contendo tema, problema de pesquisa e objetivos)<\/li><li>Referencial Te\u00f3rico<\/li><li>Metodologia<\/li><li>An\u00e1lise dos resultados<\/li><li>Conclus\u00f5es\/Considera\u00e7\u00f5es finais<\/li><li>Refer\u00eancias<\/li><\/ul>\n","protected":false},"excerpt":{"rendered":"<p>Cada autor poder\u00e1 submeter, no m\u00e1ximo, 4 trabalhos para o evento SINGEP, sendo que ser\u00e3o somente 3 trabalhos em cada modalidade. Ex.: Um autor poder\u00e1 submeter 3 trabalhos para a modalidade artigo cient\u00edfico e 1 trabalho para a modalidade p\u00f4ster. Template:\u00a0A utiliza\u00e7\u00e3o do template \u00e9 obrigat\u00f3ria. Arquivos que forem encaminhados sem o template ser\u00e3o automaticamente [&hellip;]<\/p>\n","protected":false},"author":1,"featured_media":0,"parent":32,"menu_order":0,"comment_status":"closed","ping_status":"closed","template":"","meta":{"footnotes":""},"class_list":["post-33","page","type-page","status-publish","hentry"],"_links":{"self":[{"href":"https:\/\/singep.org.br\/9\/wp-json\/wp\/v2\/pages\/33","targetHints":{"allow":["GET"]}}],"collection":[{"href":"https:\/\/singep.org.br\/9\/wp-json\/wp\/v2\/pages"}],"about":[{"href":"https:\/\/singep.org.br\/9\/wp-json\/wp\/v2\/types\/page"}],"author":[{"embeddable":true,"href":"https:\/\/singep.org.br\/9\/wp-json\/wp\/v2\/users\/1"}],"replies":[{"embeddable":true,"href":"https:\/\/singep.org.br\/9\/wp-json\/wp\/v2\/comments?post=33"}],"version-history":[{"count":0,"href":"https:\/\/singep.org.br\/9\/wp-json\/wp\/v2\/pages\/33\/revisions"}],"up":[{"embeddable":true,"href":"https:\/\/singep.org.br\/9\/wp-json\/wp\/v2\/pages\/32"}],"wp:attachment":[{"href":"https:\/\/singep.org.br\/9\/wp-json\/wp\/v2\/media?parent=33"}],"curies":[{"name":"wp","href":"https:\/\/api.w.org\/{rel}","templated":true}]}}