{"id":67,"date":"2014-05-23T12:03:48","date_gmt":"2014-05-23T15:03:48","guid":{"rendered":"http:\/\/impermad.com.br\/singep\/?page_id=67"},"modified":"2020-01-03T17:37:53","modified_gmt":"2020-01-03T20:37:53","slug":"formatacao-poster","status":"publish","type":"page","link":"https:\/\/singep.org.br\/8\/regras-para-submissao\/formatacao-poster\/","title":{"rendered":"Formata\u00e7\u00e3o P\u00f4ster"},"content":{"rendered":"\n<p><strong>Cada autor poder\u00e1 submeter, no m\u00e1ximo, 4 trabalhos para o evento SINGEP, sendo que ser\u00e3o somente 3 trabalhos em cada modalidade.<\/strong><\/p>\n\n\n\n<p>Ex.: Um autor poder\u00e1 submeter 3 trabalhos para a modalidade artigo cient\u00edfico e 1 trabalho para a modalidade p\u00f4ster.<\/p>\n\n\n\n<p>Para a modalidade de p\u00f4ster, os interessados devem enviar um RESUMO incluindo: t\u00edtulo, contextualiza\u00e7\u00e3o, objetivos, metodologia, fundamenta\u00e7\u00e3o te\u00f3rica, resultados e an\u00e1lises, considera\u00e7\u00f5es finais, refer\u00eancias.<\/p>\n\n\n\n<p><strong>Template para submiss\u00e3o do resumo do p\u00f4ster:<\/strong>&nbsp;A utiliza\u00e7\u00e3o do template para o resumo \u00e9 obrigat\u00f3ria. Arquivos que forem encaminhados sem o template ser\u00e3o automaticamente desclassificados.(<a href=\"https:\/\/singep.org.br\/8\/wp-content\/uploads\/sites\/4\/2019\/08\/template_VIIISINGEP_Resumo-Poster_2020.docx\">clique aqui para fazer o Download<\/a>).<\/p>\n\n\n\n<p><strong>Regras para confec\u00e7\u00e3o do P\u00f4ster, em caso de resumos\naceitos:<\/strong><\/p>\n\n\n\n<p>O p\u00f4ster dever\u00e1 ser confeccionado pelos autores,\napenas se o resumo expandido submetido ao&nbsp;<strong>VIII SINGEP&nbsp;<\/strong>obtiver\no parecer de aceite para apresenta\u00e7\u00e3o.<\/p>\n\n\n\n<p><strong>Template do P\u00f4ster<\/strong>: A utiliza\u00e7\u00e3o do template \u00e9 obrigat\u00f3ria. Arquivos que forem encaminhados sem o template ser\u00e3o automaticamente desclassificados. (<a href=\"https:\/\/singep.org.br\/8\/wp-content\/uploads\/sites\/4\/2019\/08\/Template_VIIISingep_Po\u0302sters_2020.pptx\">clique aqui para fazer o Download do template do p\u00f4ster<\/a>).<\/p>\n\n\n\n<p><strong>O p\u00f4ster aceito deve ter as seguintes caracter\u00edsticas:<\/strong><\/p>\n\n\n\n<p>1.\nTamanho do p\u00f4ster: Largura: 90cm; Altura: 120cm.<\/p>\n\n\n\n<p>2.\nO texto do p\u00f4ster deve ser leg\u00edvel a uma dist\u00e2ncia de, pelo menos, 1m. Utilize tamanho de\nfonte 72 como m\u00ednimo para t\u00edtulo e fonte 28 como m\u00ednimo para conte\u00fado.<\/p>\n\n\n\n<p>3.\nCada trabalho ser\u00e1 programado para apresenta\u00e7\u00e3o em apenas um dos dias do evento.<\/p>\n\n\n\n<p>4.\nPelo menos um dos autores do trabalho dever\u00e1 permanecer junto ao p\u00f4ster,\ndurante todo o tempo da sess\u00e3o de apresenta\u00e7\u00e3o, para responder \u00e0s quest\u00f5es dos\ninteressados.<\/p>\n\n\n\n<p>5.\n\u00c9 obrigat\u00f3rio que o t\u00edtulo do trabalho no p\u00f4ster seja id\u00eantico ao t\u00edtulo do trabalho\nsubmetido ao evento.<\/p>\n\n\n\n<p>6.\n\u00c9 proibida a apresenta\u00e7\u00e3o:<\/p>\n\n\n\n<p>\u2013\nDe trabalhos impressos sem caracter\u00edsticas de um p\u00f4ster;<\/p>\n\n\n\n<p>\u2013 Com retroprojetor, computador,\nmicrofone e outros equipamentos el\u00e9tricos;<\/p>\n\n\n\n<p>\u2013 Com aparelhos e instrumentos sonoros que interfiram na comunica\u00e7\u00e3o dos autores da sess\u00e3o;<\/p>\n\n\n\n<p>\u2013\nDe p\u00f4steres que n\u00e3o obede\u00e7am \u00e0s normas gerais de tamanho e legibilidade.<\/p>\n\n\n\n<p><strong>Estrutura sugerida:<\/strong><\/p>\n\n\n\n<p>1. No p\u00f4ster deve constar: t\u00edtulo, nomes\ndos autores, institui\u00e7\u00e3o dos autores, cidade\/estado, dados da pesquisa e\nag\u00eancia de fomento (se houver).<\/p>\n\n\n\n<p>2. Utilizar o m\u00ednimo de texto e o m\u00e1ximo\nde figuras, fotos, tabelas, gr\u00e1ficos e esquemas poss\u00edveis.<\/p>\n\n\n\n<p>3.\nO p\u00f4ster dever\u00e1 conter informa\u00e7\u00f5es tais como: contextualiza\u00e7\u00e3o, objetivos,\nmetodologia, resultados e an\u00e1lises, considera\u00e7\u00f5es finais e outras informa\u00e7\u00f5es\npr\u00f3prias de seu trabalho.<\/p>\n\n\n\n<p>4. Organizar as informa\u00e7\u00f5es de modo que as ideias\ncentrais do trabalho sejam facilmente apreendidas e utilizar todos os recursos\ndispon\u00edveis para o p\u00f4ster despertar o interesse do p\u00fablico.<\/p>\n","protected":false},"excerpt":{"rendered":"<p>Cada autor poder\u00e1 submeter, no m\u00e1ximo, 4 trabalhos para o evento SINGEP, sendo que ser\u00e3o somente 3 trabalhos em cada modalidade. Ex.: Um autor poder\u00e1 submeter 3 trabalhos para a modalidade artigo cient\u00edfico e 1 trabalho para a modalidade p\u00f4ster. Para a modalidade de p\u00f4ster, os interessados devem enviar um RESUMO incluindo: t\u00edtulo, contextualiza\u00e7\u00e3o, objetivos, [&hellip;]<\/p>\n","protected":false},"author":1,"featured_media":0,"parent":32,"menu_order":0,"comment_status":"closed","ping_status":"closed","template":"","meta":{"footnotes":""},"class_list":["post-67","page","type-page","status-publish","hentry"],"_links":{"self":[{"href":"https:\/\/singep.org.br\/8\/wp-json\/wp\/v2\/pages\/67","targetHints":{"allow":["GET"]}}],"collection":[{"href":"https:\/\/singep.org.br\/8\/wp-json\/wp\/v2\/pages"}],"about":[{"href":"https:\/\/singep.org.br\/8\/wp-json\/wp\/v2\/types\/page"}],"author":[{"embeddable":true,"href":"https:\/\/singep.org.br\/8\/wp-json\/wp\/v2\/users\/1"}],"replies":[{"embeddable":true,"href":"https:\/\/singep.org.br\/8\/wp-json\/wp\/v2\/comments?post=67"}],"version-history":[{"count":0,"href":"https:\/\/singep.org.br\/8\/wp-json\/wp\/v2\/pages\/67\/revisions"}],"up":[{"embeddable":true,"href":"https:\/\/singep.org.br\/8\/wp-json\/wp\/v2\/pages\/32"}],"wp:attachment":[{"href":"https:\/\/singep.org.br\/8\/wp-json\/wp\/v2\/media?parent=67"}],"curies":[{"name":"wp","href":"https:\/\/api.w.org\/{rel}","templated":true}]}}