{"id":5849,"date":"2018-09-21T18:22:49","date_gmt":"2018-09-21T21:22:49","guid":{"rendered":"http:\/\/singep.org.br\/8\/?page_id=5849"},"modified":"2024-06-24T14:00:48","modified_gmt":"2024-06-24T17:00:48","slug":"inscricoes-por-empenho","status":"publish","type":"page","link":"https:\/\/singep.org.br\/8\/inscricoes-por-empenho\/","title":{"rendered":"Inscri\u00e7\u00f5es por empenho"},"content":{"rendered":"<p>Abaixo dados e download de certid\u00f5es negativas para inscri\u00e7\u00e3o por empenho:<\/p>\n<p>Nome da Entidade p\/ Faturamento: Rota Certa Viagens, Turismo e Eventos &#8211; Eireli &#8211; Me<br \/>\nNome Fantasia: VII Singep<br \/>\nCNPJ: 23.537.927\/0001-60<br \/>\nInscri\u00e7\u00e3o Estadual: isento<br \/>\nInscri\u00e7\u00e3o Municipal: 268279<br \/>\nEndere\u00e7o: Rua Henrique Bernardelli, 132 &#8211; Andar 7 &#8211; Sala 72, Santana<br \/>\nCidade: S\u00e3o Paulo<br \/>\nEstado: SP<br \/>\nCEP: 02013-010<br \/>\nE-mail: contato@singep.org.br<br \/>\nForma de pagamento: Dep\u00f3sito em conta<\/p>\n<p>Dados banc\u00e1rios:<br \/>\nBanco Bradesco<br \/>\nAg\u00eancia: 2860-6<br \/>\nConta Corrente: 29875-1<\/p>\n<p><a href=\"https:\/\/singep.org.br\/8\/wp-content\/uploads\/sites\/4\/2020\/08\/CERTIDAO-FEDERAL_INSS_ROTA-CERTA.pdf\">Certid\u00e3o Negativa de D\u00e9bitos de Tributos e Contribui\u00e7\u00f5es Federais (Receita Federal e INSS);<\/a><br \/>\n<a href=\"https:\/\/singep.org.br\/8\/wp-content\/uploads\/sites\/4\/2020\/08\/CRF_FGTS_ROTA-CERTA.pdf\">Certificado de Regularidade do FGTS (Caixa Econ\u00f4mica Federal);<\/a><br \/>\n<a href=\"https:\/\/singep.org.br\/8\/wp-content\/uploads\/sites\/4\/2020\/08\/CERTIDAO-TRABALHISTA_ROTA-CERTA.pdf\">Certid\u00e3o Negativa de D\u00e9bitos Trabalhistas.<\/a><\/p>\n","protected":false},"excerpt":{"rendered":"<p>Abaixo dados e download de certid\u00f5es negativas para inscri\u00e7\u00e3o por empenho: Nome da Entidade p\/ Faturamento: Rota Certa Viagens, Turismo e Eventos &#8211; Eireli &#8211; Me Nome Fantasia: VII Singep CNPJ: 23.537.927\/0001-60 Inscri\u00e7\u00e3o Estadual: isento Inscri\u00e7\u00e3o Municipal: 268279 Endere\u00e7o: Rua Henrique Bernardelli, 132 &#8211; Andar 7 &#8211; Sala 72, Santana Cidade: S\u00e3o Paulo Estado: SP [&hellip;]<\/p>\n","protected":false},"author":1,"featured_media":0,"parent":0,"menu_order":0,"comment_status":"closed","ping_status":"closed","template":"","meta":{"footnotes":""},"class_list":["post-5849","page","type-page","status-publish","hentry"],"_links":{"self":[{"href":"https:\/\/singep.org.br\/8\/wp-json\/wp\/v2\/pages\/5849","targetHints":{"allow":["GET"]}}],"collection":[{"href":"https:\/\/singep.org.br\/8\/wp-json\/wp\/v2\/pages"}],"about":[{"href":"https:\/\/singep.org.br\/8\/wp-json\/wp\/v2\/types\/page"}],"author":[{"embeddable":true,"href":"https:\/\/singep.org.br\/8\/wp-json\/wp\/v2\/users\/1"}],"replies":[{"embeddable":true,"href":"https:\/\/singep.org.br\/8\/wp-json\/wp\/v2\/comments?post=5849"}],"version-history":[{"count":1,"href":"https:\/\/singep.org.br\/8\/wp-json\/wp\/v2\/pages\/5849\/revisions"}],"predecessor-version":[{"id":6448,"href":"https:\/\/singep.org.br\/8\/wp-json\/wp\/v2\/pages\/5849\/revisions\/6448"}],"wp:attachment":[{"href":"https:\/\/singep.org.br\/8\/wp-json\/wp\/v2\/media?parent=5849"}],"curies":[{"name":"wp","href":"https:\/\/api.w.org\/{rel}","templated":true}]}}