{"id":5696,"date":"2018-06-30T13:22:56","date_gmt":"2018-06-30T16:22:56","guid":{"rendered":"http:\/\/singep.org.br\/8\/?page_id=5696"},"modified":"2018-06-30T13:22:56","modified_gmt":"2018-06-30T16:22:56","slug":"sostenibilidad-y-ciudades-inteligentes","status":"publish","type":"page","link":"https:\/\/singep.org.br\/8\/sostenibilidad-y-ciudades-inteligentes\/?lang=es","title":{"rendered":"Sostenibilidad y Ciudades Inteligentes"},"content":{"rendered":"<p>Temas:<\/p>\n<ol>\n<li>Pol\u00edticas P\u00fablicas y Marco Regulatorio Ambiental<\/li>\n<li>Sistemas y Herramientas de Gesti\u00f3n Ambiental<\/li>\n<li>Eficiencia Energ\u00e9tica<\/li>\n<li>Movilidad Urbana<\/li>\n<li>Construcciones Sostenibles<\/li>\n<li>Indicadores de Sostenibilidad<\/li>\n<li>Log\u00edstica Inversa<\/li>\n<li>Gesti\u00f3n de Residuos<\/li>\n<li>Sostenibilidad y Funcionalizaci\u00f3n del Derecho<\/li>\n<li>T\u00f3picos especiales en Sustentabilidad\u00a0(Este tema contempla otros importantes t\u00f3picos sobre sustentabilidad que no fueron presentados en los temas anteriores).<\/li>\n<\/ol>\n","protected":false},"excerpt":{"rendered":"<p>Temas: Pol\u00edticas P\u00fablicas y Marco Regulatorio Ambiental Sistemas y Herramientas de Gesti\u00f3n Ambiental Eficiencia Energ\u00e9tica Movilidad Urbana Construcciones Sostenibles Indicadores de Sostenibilidad Log\u00edstica Inversa Gesti\u00f3n de Residuos Sostenibilidad y Funcionalizaci\u00f3n del Derecho T\u00f3picos especiales en Sustentabilidad\u00a0(Este tema contempla otros importantes t\u00f3picos sobre sustentabilidad que no fueron presentados en los temas anteriores).<\/p>\n","protected":false},"author":1,"featured_media":0,"parent":0,"menu_order":0,"comment_status":"closed","ping_status":"closed","template":"","meta":{"footnotes":""},"class_list":["post-5696","page","type-page","status-publish","hentry"],"_links":{"self":[{"href":"https:\/\/singep.org.br\/8\/wp-json\/wp\/v2\/pages\/5696","targetHints":{"allow":["GET"]}}],"collection":[{"href":"https:\/\/singep.org.br\/8\/wp-json\/wp\/v2\/pages"}],"about":[{"href":"https:\/\/singep.org.br\/8\/wp-json\/wp\/v2\/types\/page"}],"author":[{"embeddable":true,"href":"https:\/\/singep.org.br\/8\/wp-json\/wp\/v2\/users\/1"}],"replies":[{"embeddable":true,"href":"https:\/\/singep.org.br\/8\/wp-json\/wp\/v2\/comments?post=5696"}],"version-history":[{"count":0,"href":"https:\/\/singep.org.br\/8\/wp-json\/wp\/v2\/pages\/5696\/revisions"}],"wp:attachment":[{"href":"https:\/\/singep.org.br\/8\/wp-json\/wp\/v2\/media?parent=5696"}],"curies":[{"name":"wp","href":"https:\/\/api.w.org\/{rel}","templated":true}]}}