{"id":26,"date":"2014-05-23T14:03:01","date_gmt":"2014-05-23T17:03:01","guid":{"rendered":"http:\/\/impermad.com.br\/singep\/?page_id=26"},"modified":"2019-08-29T20:15:22","modified_gmt":"2019-08-29T23:15:22","slug":"comissao-organizadora","status":"publish","type":"page","link":"https:\/\/singep.org.br\/8\/comissao-organizadora\/","title":{"rendered":"Comiss\u00e3o Organizadora"},"content":{"rendered":"\n<p>CRISTIANE DREBES PEDRON &#8211; UNINOVE, S\u00e3o Paulo, Brasil<\/p>\n\n\n\n<p>CRISTINA DAI PR\u00c1 MARTENS &#8211; UNINOVE, S\u00e3o Paulo, Brasil<\/p>\n\n\n\n<p>EMERSON ANTONIO MACCARI &#8211; UNINOVE, S\u00e3o Paulo, Brasil<\/p>\n\n\n\n<p>FABR\u00cdCIO MARTINS LACERDA &#8211; UNINOVE, S\u00e3o Paulo, Brasil<\/p>\n\n\n\n<p>HEIDY RODRIGUEZ RAMOS &#8211; UNINOVE, S\u00e3o Paulo, Brasil<\/p>\n\n\n\n<p>ISABEL CRISTINA SCAFUTO &#8211; UNINOVE, S\u00e3o Paulo, Brasil<\/p>\n\n\n\n<p>JORGE FERREIRA DA SILVA \u2013 PUC-RIO, Rio de Janeiro, Brasil<\/p>\n\n\n\n<p>JULIO ARAUJO CARNEIRO DA CUNHA &#8211; UNINOVE, S\u00e3o Paulo, Brasil<\/p>\n\n\n\n<p>LEONARDO VILS &#8211; UNINOVE, S\u00e3o Paulo, Brasil<\/p>\n\n\n\n<p>LUCIANO FERREIRA DA SILVA &#8211; UNINOVE, S\u00e3o Paulo, Brasil<\/p>\n\n\n\n<p>MAURO LUIZ MARTENS &#8211; UNINOVE, S\u00e3o Paulo, Brasil<\/p>\n\n\n\n<p>NADER\nASGARY &#8211; BENTLEY UNIVERSITY, Boston, EUA<\/p>\n\n\n\n<p>PRISCILA REZENDE DA COSTA &#8211; UNINOVE, S\u00e3o Paulo, Brasil<\/p>\n\n\n\n<p>ROS\u00c1RIA DE F\u00c1TIMA SEGGER MACRI RUSSO &#8211; UNINOVE, S\u00e3o Paulo,\nBrasil<\/p>\n","protected":false},"excerpt":{"rendered":"<p>CRISTIANE DREBES PEDRON &#8211; UNINOVE, S\u00e3o Paulo, Brasil CRISTINA DAI PR\u00c1 MARTENS &#8211; UNINOVE, S\u00e3o Paulo, Brasil EMERSON ANTONIO MACCARI &#8211; UNINOVE, S\u00e3o Paulo, Brasil FABR\u00cdCIO MARTINS LACERDA &#8211; UNINOVE, S\u00e3o Paulo, Brasil HEIDY RODRIGUEZ RAMOS &#8211; UNINOVE, S\u00e3o Paulo, Brasil ISABEL CRISTINA SCAFUTO &#8211; UNINOVE, S\u00e3o Paulo, Brasil JORGE FERREIRA DA SILVA \u2013 PUC-RIO, [&hellip;]<\/p>\n","protected":false},"author":1,"featured_media":0,"parent":0,"menu_order":0,"comment_status":"closed","ping_status":"closed","template":"","meta":{"footnotes":""},"class_list":["post-26","page","type-page","status-publish","hentry"],"_links":{"self":[{"href":"https:\/\/singep.org.br\/8\/wp-json\/wp\/v2\/pages\/26","targetHints":{"allow":["GET"]}}],"collection":[{"href":"https:\/\/singep.org.br\/8\/wp-json\/wp\/v2\/pages"}],"about":[{"href":"https:\/\/singep.org.br\/8\/wp-json\/wp\/v2\/types\/page"}],"author":[{"embeddable":true,"href":"https:\/\/singep.org.br\/8\/wp-json\/wp\/v2\/users\/1"}],"replies":[{"embeddable":true,"href":"https:\/\/singep.org.br\/8\/wp-json\/wp\/v2\/comments?post=26"}],"version-history":[{"count":0,"href":"https:\/\/singep.org.br\/8\/wp-json\/wp\/v2\/pages\/26\/revisions"}],"wp:attachment":[{"href":"https:\/\/singep.org.br\/8\/wp-json\/wp\/v2\/media?parent=26"}],"curies":[{"name":"wp","href":"https:\/\/api.w.org\/{rel}","templated":true}]}}