{"id":78,"date":"2014-05-23T12:08:11","date_gmt":"2014-05-23T15:08:11","guid":{"rendered":"http:\/\/impermad.com.br\/singep\/?page_id=78"},"modified":"2017-11-14T10:52:25","modified_gmt":"2017-11-14T12:52:25","slug":"fast-track","status":"publish","type":"page","link":"https:\/\/singep.org.br\/6\/fast-track\/","title":{"rendered":"Fast Track"},"content":{"rendered":"<a class=\"cosmolink\" href=\"javascript:void(0)\" onClick=\"window.open('https:\/\/singep.org.br\/6\/wp-content\/uploads\/sites\/2\/2017\/11\/Artigos-Fast-Track-VI-Singep.pdf', '_blank')\" ><span type=\"button\" class=\"cosmobutton blue medium\"><span><span>Acesse a lista de artigos aceitos<\/span><\/span><\/span><\/a>\n<p>&nbsp;<\/p>\n<p><strong>Os melhores trabalhos ser\u00e3o selecionados para <em>fast track<\/em> nas seguintes revistas cient\u00edficas:<\/strong><\/p>\n<ul>\n<li>Future Studies Research Journal &#8211; FUTURE | <a href=\"http:\/\/www.revistafuture.org\/FSRJ\" target=\"_blank\" rel=\"noopener\">http:\/\/www.revistafuture.org\/FSRJ<\/a><\/li>\n<li>Iberoamerican Journal of Project Management &#8211; IJoPM |\u00a0<a href=\"http:\/\/www.ijopm.org\/index.php\/IJOPM\" target=\"_blank\" rel=\"noopener\">http:\/\/www.ijopm.org\/index.php\/IJOPM<\/a><\/li>\n<li>International Journal of Professional Business Review &#8211; <a href=\"http:\/\/www.openaccessojs.com\" target=\"_blank\" rel=\"noopener\">www.openaccessojs.com<\/a><\/li>\n<li>International Journal of Bussines &amp; Marketing &#8211; IJBMKT |\u00a0<a href=\"http:\/\/www.ijbmkt.org\/index.php\/ijbmkt\" target=\"_blank\" rel=\"noopener\">http:\/\/www.ijbmkt.org\/index.php\/ijbmkt<\/a><\/li>\n<li>International Journal of Health Management Review &#8211; IJHMReview |\u00a0<a href=\"http:\/\/portaltutor.com\/index.php\/ijhmreview\" target=\"_blank\" rel=\"noopener\">http:\/\/portaltutor.com\/index.php\/ijhmreview<\/a><\/li>\n<li>International Journal of Innovation \u2013 IJI |\u00a0<a href=\"http:\/\/www.journaliji.org\/index.php\/iji\" target=\"_blank\" rel=\"noopener\">http:\/\/www.journaliji.org\/index.php\/iji<\/a><\/li>\n<li>Journal of Information Systems and Technology Management &#8211; JISTEM |\u00a0<a href=\"http:\/\/www.jistem.fea.usp.br\/index.php\/jistem\" target=\"_blank\" rel=\"noopener\">http:\/\/www.jistem.fea.usp.br\/index.php\/jistem<\/a><\/li>\n<li>Revista Administra\u00e7\u00e3o em Di\u00e1logo &#8211;\u00a0<a href=\"https:\/\/revistas.pucsp.br\/index.php\/rad\/index\" target=\"_blank\" rel=\"noopener\">https:\/\/revistas.pucsp.br\/index.php\/rad\/index<\/a><\/li>\n<li>Revista Alcance |\u00a0<a href=\"https:\/\/siaiap32.univali.br\/seer\/index.php\/ra\" target=\"_blank\" rel=\"noopener\">https:\/\/siaiap32.univali.br\/seer\/index.php\/ra<\/a><\/li>\n<li>Revista Brasileira de Estrat\u00e9gia &#8211; REBRAE |\u00a0<a href=\"http:\/\/www2.pucpr.br\/reol\/pb\/index.php\/rebrae\" target=\"_blank\" rel=\"noopener\">http:\/\/www2.pucpr.br\/reol\/pb\/index.php\/rebrae<\/a><\/li>\n<li>Revista Brasileira de Gest\u00e3o de Neg\u00f3cios &#8211; RBGN |\u00a0<a href=\"https:\/\/rbgn.fecap.br\/RBGN\" target=\"_blank\" rel=\"noopener\">https:\/\/rbgn.fecap.br\/RBGN<\/a><\/li>\n<li>Revista Brasileira de Marketing \u2013 ReMarK |\u00a0<a href=\"http:\/\/www.revistabrasileiramarketing.org\/ojs-2.2.4\/index.php\/remark\" target=\"_blank\" rel=\"noopener\">http:\/\/www.revistabrasileiramarketing.org\/ojs-2.2.4\/index.php\/remark<\/a><\/li>\n<li>Revista Brasileira Multidisciplinar &#8211; ReBraM |\u00a0<a href=\"http:\/\/revistarebram.com\/index.php\/revistauniara\" target=\"_blank\" rel=\"noopener\">http:\/\/revistarebram.com\/index.php\/revistauniara<\/a><\/li>\n<li>Revista Ci\u00eancias Administrativas &#8211; UNIFOR |\u00a0<a href=\"http:\/\/periodicos.unifor.br\/rca\" target=\"_blank\" rel=\"noopener\">http:\/\/periodicos.unifor.br\/rca<\/a><\/li>\n<li>Revista Competitividade e Sustentabilidade &#8211; ComSuS |\u00a0<a href=\"http:\/\/e-revista.unioeste.br\/index.php\/comsus\" target=\"_blank\" rel=\"noopener\">http:\/\/e-revista.unioeste.br\/index.php\/comsus<\/a><\/li>\n<li>Revista Contabilidade, Gest\u00e3o e Governan\u00e7a &#8211; CGG |\u00a0<a href=\"https:\/\/cgg-amg.unb.br\/index.php\/contabil\" target=\"_blank\" rel=\"noopener\">https:\/\/cgg-amg.unb.br\/index.php\/contabil<\/a><\/li>\n<li>Revista Contempor\u00e2nea de Economia e Gest\u00e3o &#8211; CONTEXTUS |\u00a0<a href=\"http:\/\/www.contextus.ufc.br\/2014\/index.php\/contextus\" target=\"_blank\" rel=\"noopener\">http:\/\/www.contextus.ufc.br\/2014\/index.php\/contextus<\/a><\/li>\n<li>Revista de Administra\u00e7\u00e3o, Contabilidade e Economia &#8211; RACEF |\u00a0<a href=\"https:\/\/www.fundace.org.br\/revistaracef\/index.php\/racef\" target=\"_blank\" rel=\"noopener\" data-saferedirecturl=\"https:\/\/www.google.com\/url?hl=en&amp;q=https:\/\/www.fundace.org.br\/revistaracef\/index.php\/racef&amp;source=gmail&amp;ust=1503429527332000&amp;usg=AFQjCNHmaxVTzfjt3TIm4cFE2sMREvIVWw\">https:\/\/www.fundace.org<wbr \/>.br\/revistaracef\/index.php\/rac<wbr \/>ef<\/a><\/li>\n<li>Revista de Administra\u00e7\u00e3o da UFSM &#8211; REA |\u00a0<a href=\"https:\/\/periodicos.ufsm.br\/reaufsm\" target=\"_blank\" rel=\"noopener\">https:\/\/periodicos.ufsm.br\/reaufsm<\/a><\/li>\n<li>Revista de Administra\u00e7\u00e3o Faces Journal &#8211; FACES |\u00a0<a href=\"http:\/\/www.fumec.br\/revistas\/facesp\" target=\"_blank\" rel=\"noopener\">http:\/\/www.fumec.br\/revistas\/facesp<\/a><\/li>\n<li>Revista de Ci\u00eancias da Administra\u00e7\u00e3o |\u00a0<a href=\"https:\/\/periodicos.ufsc.br\/index.php\/adm\" target=\"_blank\" rel=\"noopener\">https:\/\/periodicos.ufsc.br\/index.php\/adm<\/a><\/li>\n<li>Revista de Direito Brasileira &#8211; RDB |\u00a0<a href=\"http:\/\/www.rdb.org.br\/ojs\/index.php\/rdb\" target=\"_blank\" rel=\"noopener\">http:\/\/www.rdb.org.br\/ojs\/index.php\/rdb<\/a><\/li>\n<li>Revista de Finan\u00e7as Aplicadas &#8211; RFA |\u00a0<a href=\"http:\/\/www.financasaplicadas.net\/index.php\/financasaplicadas\" target=\"_blank\" rel=\"noopener\">http:\/\/www.financasaplicadas.net\/index.php\/financasaplicadas<\/a><\/li>\n<li>Revista de Gest\u00e3o &#8211; Rege |\u00a0<a href=\"http:\/\/www.regeusp.com.br\/\" target=\"_blank\" rel=\"noopener\">http:\/\/www.regeusp.com.br\/<\/a><\/li>\n<li>Revista de Gest\u00e3o Ambiental e Sustentabilidade \u2013 Geas |\u00a0<a href=\"http:\/\/www.revistageas.org.br\/ojs\/index.php\/geas\" target=\"_blank\" rel=\"noopener\">http:\/\/www.revistageas.org.br\/ojs\/index.php\/geas<\/a><\/li>\n<li>Revista de Gest\u00e3o e Planejamento &#8211; G&amp;P |\u00a0<a href=\"http:\/\/revistas.unifacs.br\/index.php\/rgb\" target=\"_blank\" rel=\"noopener\">http:\/\/revistas.unifacs.br\/index.php\/rgb<\/a><\/li>\n<li>Revista de Gest\u00e3o e Projetos \u2013 Gep |\u00a0<a href=\"http:\/\/www.revistagep.org\/ojs\/index.php\/gep\" target=\"_blank\" rel=\"noopener\">http:\/\/www.revistagep.org\/ojs\/index.php\/gep<\/a><\/li>\n<li>Revista de Gest\u00e3o e Secretariado &#8211; GESEC |\u00a0<a href=\"https:\/\/www.revistagesec.org.br\/secretariado\" target=\"_blank\" rel=\"noopener\">https:\/\/www.revistagesec.org.br\/secretariado<\/a><\/li>\n<li>Revista Desafio Online |\u00a0<a href=\"http:\/\/www.desafioonline.ufms.br\/index.php\/deson\/\" target=\"_blank\" rel=\"noopener\">http:\/\/www.desafioonline.ufms.br\/index.php\/deson\/<\/a><\/li>\n<li>Revista Eletr\u00f4nica de Estrat\u00e9gia e Neg\u00f3cios &#8211; UNISUL |\u00a0<a href=\"http:\/\/www.portaldeperiodicos.unisul.br\/index.php\/EeN\" target=\"_blank\" rel=\"noopener\">http:\/\/www.portaldeperiodicos.unisul.br\/index.php\/EeN<\/a><\/li>\n<li>Revista Eletr\u00f4nica de Neg\u00f3cios Internacionais &#8211; Internext |\u00a0<a href=\"http:\/\/internext.espm.br\/index.php\/internext\" target=\"_blank\" rel=\"noopener\">http:\/\/internext.espm.br\/index.php\/internext<\/a><\/li>\n<li>Revista Eletr\u00f4nica Marketing &amp; Tourism Review |\u00a0<a href=\"http:\/\/revistas.face.ufmg.br\/index.php\/mtr\" target=\"_blank\" rel=\"noopener\">http:\/\/revistas.face.ufmg.br\/index.php\/mtr<\/a><\/li>\n<li>Revista EMPRAD |\u00a0<a href=\"http:\/\/portaltutor.com\/index.php\/revistaEMPRAD\" target=\"_blank\" rel=\"noopener\">http:\/\/portaltutor.com\/index.php\/revistaEMPRAD<\/a><\/li>\n<li>Revista Exacta Engenharia de Produ\u00e7\u00e3o &#8211; EXACTA |\u00a0<a href=\"https:\/\/www4.uninove.br\/ojs\/index.php\/exacta\/index\" target=\"_blank\" rel=\"noopener\">https:\/\/www4.uninove.br\/ojs\/index.php\/exacta\/index<\/a><\/li>\n<li>Revista Gest\u00e3o &amp; Regionalidade &#8211; G&amp;R |\u00a0<a href=\"http:\/\/seer.uscs.edu.br\/index.php\/revista_gestao\" target=\"_blank\" rel=\"noopener\">http:\/\/seer.uscs.edu.br\/index.php\/revista_gestao<\/a><\/li>\n<li>Revista Gest\u00e3o &amp; Tecnologia \u2013 G&amp;T |\u00a0<a href=\"https:\/\/revistagt.fpl.edu.br\/get\" target=\"_blank\" rel=\"noopener\">https:\/\/revistagt.fpl.edu.br\/get<\/a><\/li>\n<li>Revista Gest\u00e3o em Sistemas de Sa\u00fade \u2013 RGSS |\u00a0<a href=\"http:\/\/www.revistargss.org.br\/ojs\/index.php\/rgss\" target=\"_blank\" rel=\"noopener\">http:\/\/www.revistargss.org.br\/ojs\/index.php\/rgss<\/a><\/li>\n<li>Revista Ibero Americana de Estrat\u00e9gia \u2013 RIAE |\u00a0<a href=\"http:\/\/www.revistaiberoamericana.org\/ojs\/index.php\/ibero\" target=\"_blank\" rel=\"noopener\">http:\/\/www.revistaiberoamericana.org\/ojs\/index.php\/ibero<\/a><\/li>\n<li>Revista Innovation &amp; Management Review &lt;<a href=\"https:\/\/www.journals.elsevier.com\/revista-de-administracao-e-inovacao\" target=\"_blank\" rel=\"noopener\" data-saferedirecturl=\"https:\/\/www.google.com\/url?hl=en&amp;q=https:\/\/www.journals.elsevier.com\/revista-de-administracao-e-inovacao&amp;source=gmail&amp;ust=1503429527332000&amp;usg=AFQjCNFc8UMPET84kxjEd80BuvmAsiKKEg\">https:\/\/www.journals.elsevier<wbr \/>.com\/revista-de-administracao-<wbr \/>e-inovacao<\/a><\/li>\n<li>Revista Inova\u00e7\u00e3o, Projetos e Tecnologia &#8211; IPTEC |\u00a0<a href=\"http:\/\/www.revistaiptec.org\/index.php\/iptec\" target=\"_blank\" rel=\"noopener\">http:\/\/www.revistaiptec.org\/index.php\/iptec<\/a><\/li>\n<li>Revista Organiza\u00e7\u00f5es e Sustentabilidade &#8211; OS |\u00a0<a href=\"http:\/\/www.uel.br\/revistas\/uel\/index.php\/ros\" target=\"_blank\" rel=\"noopener\">http:\/\/www.uel.br\/revistas\/uel\/index.php\/ros<\/a><\/li>\n<li>Revista Perspectivas em Gest\u00e3o&amp; Conhecimento &#8211; PG&amp;C |\u00a0<a href=\"http:\/\/periodicos.ufpb.br\/index.php\/pgc\" target=\"_blank\" rel=\"noopener\">http:\/\/periodicos.ufpb.br\/index.php\/pgc<\/a><\/li>\n<li>Revista Podium Sport, Leisure and Tourism Review |\u00a0<a href=\"http:\/\/www.podiumreview.org.br\/ojs\/index.php\/rgesporte\" target=\"_blank\" rel=\"noopener\">http:\/\/www.podiumreview.org.br\/ojs\/index.php\/rgesporte<\/a><\/li>\n<li>Revista Prisma Jur\u00eddico |\u00a0<a href=\"http:\/\/www4.uninove.br\/ojs\/index.php\/prisma\" target=\"_blank\" rel=\"noopener\">http:\/\/www4.uninove.br\/ojs\/index.php\/prisma<\/a><\/li>\n<li>Revista Retratos de Assentamentos |\u00a0<a href=\"http:\/\/www.uniara.com.br\/nupedor\/revista-retratos\/\" target=\"_blank\" rel=\"noopener\">http:\/\/www.uniara.com.br\/nupedor\/revista-retratos\/<\/a><\/li>\n<li>Revista Thesis Juris |\u00a0<a href=\"http:\/\/www.revistartj.org.br\/ojs\/index.php\/rtj?\" target=\"_blank\" rel=\"noopener\">http:\/\/www.revistartj.org.br\/ojs\/index.php\/rtj?<\/a><\/li>\n<li>Turism Management Journal |\u00a0<a href=\"https:\/\/www.journals.elsevier.com\/tourism-management\/\" target=\"_blank\" rel=\"noopener\">https:\/\/www.journals.elsevier.com\/tourism-management\/<\/a><\/li>\n<\/ul>\n<p>&nbsp;<\/p>\n","protected":false},"excerpt":{"rendered":"<p>&nbsp; Os melhores trabalhos ser\u00e3o selecionados para fast track nas seguintes revistas cient\u00edficas: Future Studies Research Journal &#8211; FUTURE | http:\/\/www.revistafuture.org\/FSRJ Iberoamerican Journal of Project Management &#8211; IJoPM |\u00a0http:\/\/www.ijopm.org\/index.php\/IJOPM International Journal of Professional Business Review &#8211; www.openaccessojs.com International Journal of Bussines &amp; Marketing &#8211; IJBMKT |\u00a0http:\/\/www.ijbmkt.org\/index.php\/ijbmkt International Journal of Health Management Review &#8211; IJHMReview |\u00a0http:\/\/portaltutor.com\/index.php\/ijhmreview [&hellip;]<\/p>\n","protected":false},"author":1,"featured_media":0,"parent":0,"menu_order":0,"comment_status":"closed","ping_status":"closed","template":"","meta":{"footnotes":""},"class_list":["post-78","page","type-page","status-publish","hentry"],"_links":{"self":[{"href":"https:\/\/singep.org.br\/6\/wp-json\/wp\/v2\/pages\/78","targetHints":{"allow":["GET"]}}],"collection":[{"href":"https:\/\/singep.org.br\/6\/wp-json\/wp\/v2\/pages"}],"about":[{"href":"https:\/\/singep.org.br\/6\/wp-json\/wp\/v2\/types\/page"}],"author":[{"embeddable":true,"href":"https:\/\/singep.org.br\/6\/wp-json\/wp\/v2\/users\/1"}],"replies":[{"embeddable":true,"href":"https:\/\/singep.org.br\/6\/wp-json\/wp\/v2\/comments?post=78"}],"version-history":[{"count":0,"href":"https:\/\/singep.org.br\/6\/wp-json\/wp\/v2\/pages\/78\/revisions"}],"wp:attachment":[{"href":"https:\/\/singep.org.br\/6\/wp-json\/wp\/v2\/media?parent=78"}],"curies":[{"name":"wp","href":"https:\/\/api.w.org\/{rel}","templated":true}]}}