{"id":4341,"date":"2015-06-18T16:40:30","date_gmt":"2015-06-18T19:40:30","guid":{"rendered":"https:\/\/singep.org.br\/?page_id=4341"},"modified":"2017-11-01T12:19:54","modified_gmt":"2017-11-01T14:19:54","slug":"programacao","status":"publish","type":"page","link":"https:\/\/singep.org.br\/6\/programacao\/","title":{"rendered":"Programa\u00e7\u00e3o"},"content":{"rendered":"<a class=\"cosmolink\" href=\"https:\/\/singep.org.br\/6\/wp-content\/uploads\/sites\/2\/2017\/10\/Programa\u00e7\u00e3o-de-apresenta\u00e7\u00f5es-de-Trabalhos-e-P\u00f4steres.pdf\"  ><span type=\"button\" class=\"cosmobutton blue medium\"><span><span>Programa\u00e7\u00e3o das Apresenta\u00e7\u00f5es<\/span><\/span><\/span><\/a>\n<p>&nbsp;<\/p>\n<h3><\/h3>\n<h3>1\u00ba Dia do Evento<\/h3>\n<table width=\"566\" cellspacing=\"0\" cellpadding=\"7\">\n<colgroup>\n<col width=\"96\" \/>\n<col width=\"440\" \/> <\/colgroup>\n<tbody>\n<tr valign=\"top\">\n<td width=\"96\">\n<p class=\"western\"><b><span style=\"color: #00000a;\"><span style=\"font-size: medium;\">Hor\u00e1rio<\/span><\/span><\/b><\/p>\n<\/td>\n<td width=\"440\">\n<p class=\"western\"><b><span style=\"color: #00000a;\"><span style=\"font-size: medium;\">13 de novembro de 2017 (Segunda-feira)<\/span><\/span><\/b><\/p>\n<\/td>\n<\/tr>\n<tr valign=\"top\">\n<td style=\"background: #deeaf6;\" bgcolor=\"#deeaf6\" width=\"96\">\n<p class=\"western\"><b><span style=\"color: #00000a;\"><span style=\"font-size: medium;\">8h30<\/span><\/span><\/b><\/p>\n<\/td>\n<td style=\"background: #deeaf6;\" bgcolor=\"#deeaf6\" width=\"440\">\n<p class=\"western\"><span style=\"color: #00000a;\"><span style=\"font-size: medium;\"><b>Credenciamento<\/b><\/span><\/span><\/p>\n<\/td>\n<\/tr>\n<tr valign=\"top\">\n<td width=\"96\">\n<p class=\"western\"><b><span style=\"color: #00000a;\"><span style=\"font-size: medium;\">9h <\/span><\/span><\/b><\/p>\n<\/td>\n<td width=\"440\">\n<p class=\"western\"><span style=\"color: #00000a;\"><span style=\"font-size: medium;\"><b>Solenidade de Abertura<\/b><\/span><\/span><\/p>\n<div style=\"color: #00000a;font-size: medium;\">\nProf. Dr. Emerson Ant\u00f4nio Maccari (Diretor do PPGA-UNINOVE e Presidente da Comiss\u00e3o Organizadora do VI SINGEP)<\/p>\n<p>Prof. Dr. Fernando Ant\u00f4nio Ribeiro Serra (PPGA-UNINOVE e Presidente da Comiss\u00e3o Organizadora do V ELBE &#8211; Edi\u00e7\u00e3o Brasil)<\/p>\n<p>Profa. Dra. Cl\u00e1udia Terezinha Kniess (Diretora do PPG-CIS &#8211; UNINOVE)<\/p>\n<p>Profa. Dra. Cristina Dai Pr\u00e1 Martens (Diretora do MPA-GP &#8211; UNINOVE)\n<\/p><\/div>\n<\/td>\n<\/tr>\n<tr valign=\"top\">\n<td style=\"background: #deeaf6;\" bgcolor=\"#deeaf6\" width=\"96\">\n<p class=\"western\"><b><span style=\"color: #00000a;font-size: medium;\">9h30 \u00e0s 10h45<\/span><\/span><\/b><\/p>\n<\/td>\n<td style=\"background: #deeaf6;\" bgcolor=\"#deeaf6\" width=\"440\">\n<p class=\"western\"><span style=\"color: #00000a;\"><span style=\"font-size: medium;\"><b>Confer\u00eancia: Tecnologias de Gera\u00e7\u00e3o de Energia<\/b><\/span><\/span><\/p>\n<p class=\"western\"><span style=\"color: #00000a;\"><span style=\"font-size: medium;\"><span lang=\"en-US\"><b>Keynote Speaker:<\/b><\/span><\/span><\/span><span style=\"color: #00000a;\"><span style=\"font-size: medium;\"><span lang=\"en-US\"> Prof. Dr. Carlos Rufin (Suffolk University)<\/span><\/span><\/span><\/p>\n<p class=\"western\"><span style=\"color: #00000a;\"><span style=\"font-size: medium;\"><b>Debatedora:<\/b><\/span><\/span><span style=\"color: #00000a;\"><span style=\"font-size: medium;\"> Profa. Dra. Cl\u00e1udia Terezinha Kniess (UNINOVE)<\/span><\/span><\/p>\n<p class=\"western\"><span style=\"color: #00000a;\"><span style=\"font-size: medium;\"><b>Mediador:<\/b><\/span><\/span><span style=\"color: #00000a;\"><span style=\"font-size: medium;\"> Prof. Dr. Mauro Silva Ruiz (UNINOVE) <\/span><\/span><\/p>\n<\/td>\n<\/tr>\n<tr valign=\"top\">\n<td width=\"96\">\n<p class=\"western\"><b><span style=\"color: #00000a;\"><span style=\"font-size: medium;\">10h45 \u00e0s 11h15<\/span><\/span><\/b><\/p>\n<\/td>\n<td width=\"440\">\n<p class=\"western\"><span style=\"color: #00000a;\"><span style=\"font-size: medium;\"><b>Coffee-Break<\/b><\/span><\/span><\/p>\n<\/td>\n<\/tr>\n<tr valign=\"top\">\n<td style=\"background: #deeaf6;\" bgcolor=\"#deeaf6\" width=\"96\">\n<p class=\"western\"><b><span style=\"color: #00000a;\"><span style=\"font-size: medium;\">11h15 \u00e0s 12h30<\/span><\/span><\/b><\/p>\n<\/td>\n<td style=\"background: #deeaf6;\" bgcolor=\"#deeaf6\" width=\"440\">\n<p class=\"western\"><span style=\"color: #00000a;\"><span style=\"font-size: medium;\"><b>Painel Tem\u00e1tico: O Estado da Arte da Inova\u00e7\u00e3o Frugal<\/b><\/span><\/span><\/p>\n<p class=\"western\"><span style=\"color: #00000a;\"><span style=\"font-size: medium;\"><b>Painelistas:<\/b><\/span><\/span><\/p>\n<p class=\"western\"><span style=\"color: #00000a;\"><span style=\"font-size: medium;\">Prof. Dr. Carlos Rufin (Suffolk University)<\/span><\/span><\/p>\n<p class=\"western\"><span style=\"color: #00000a;\"><span style=\"font-size: medium;\">Prof. Dr. Luc Quoniam (Universit\u00e9 Du Sud Toulon Var)<\/span><\/span><\/p>\n<p class=\"western\"><span style=\"color: #00000a;\"><span style=\"font-size: medium;\"><b>Mediador:<\/b><\/span><\/span><span style=\"color: #00000a;\"><span style=\"font-size: medium;\"> Prof. Dr. Emerson Ant\u00f4nio Maccari (UNINOVE)<\/span><\/span><\/p>\n<\/td>\n<\/tr>\n<tr valign=\"top\">\n<td width=\"96\">\n<p class=\"western\"><b><span style=\"color: #00000a;\"><span style=\"font-size: medium;\">12h30 \u00e0s 13h30<\/span><\/span><\/b><\/p>\n<\/td>\n<td width=\"440\">\n<p class=\"western\"><span style=\"color: #00000a;\"><span style=\"font-size: medium;\">Intervalo para o almo\u00e7o<\/span><\/span><\/p>\n<\/td>\n<\/tr>\n<tr valign=\"top\">\n<td style=\"background: #deeaf6;\" bgcolor=\"#deeaf6\" width=\"96\">\n<p class=\"western\"><b><span style=\"color: #00000a;\"><span style=\"font-size: medium;\">13h30 \u00e0s 14h30<\/span><\/span><\/b><\/p>\n<\/td>\n<td style=\"background: #deeaf6;\" bgcolor=\"#deeaf6\" width=\"440\">\n<p class=\"western\"><span style=\"color: #00000a;\"><span style=\"font-size: medium;\"><b>Apresenta\u00e7\u00e3o de P\u00f4steres<\/b><\/span><\/span><\/p>\n<p class=\"western\"><span style=\"color: #00000a;\"><span style=\"font-size: medium;\">Sess\u00e3o de apresenta\u00e7\u00e3o de P\u00f4steres<\/span><\/span><\/p>\n<\/td>\n<\/tr>\n<tr valign=\"top\">\n<td width=\"96\">\n<p class=\"western\"><b><span style=\"color: #00000a;\"><span style=\"font-size: medium;\">14h30 \u00e0s 16h45<\/span><\/span><\/b><\/p>\n<\/td>\n<td width=\"440\">\n<p class=\"western\"><span style=\"color: #00000a;\"><span style=\"font-size: medium;\"><b>Workshop: Inova\u00e7\u00e3o em Gest\u00e3o de Sa\u00fade<\/b><\/span><\/span><\/p>\n<p class=\"western\"><span style=\"color: #00000a;\"><span style=\"font-size: medium;\"><b>Painelistas: <\/b><\/span><\/span><\/p>\n<p class=\"western\"><span style=\"color: #00000a;\"><span style=\"font-size: medium;\">Dr. Roberto Kikawa (CIES Global) <\/span><\/span><\/p>\n<p class=\"western\"><span style=\"color: #00000a;\"><span style=\"font-size: medium;\">Dr. Marcello Caio de Souza Reis (Hospital Alvorada &#8211; Bras\u00edlia)<\/span><\/span><\/p>\n<p class=\"western\"><span style=\"color: #00000a;\"><span style=\"font-size: medium;\"><b>Debatedor:<\/b><\/span><\/span><span style=\"color: #00000a;\"><span style=\"font-size: medium;\"> Prof. Dr. Marcelo Caldeira Pedroso (FEA\/USP)<\/span><\/span><\/p>\n<p class=\"western\"><span style=\"color: #00000a;\"><span style=\"font-size: medium;\"><b>Moderadora:<\/b><\/span><\/span><span style=\"color: #00000a;\"><span style=\"font-size: medium;\"> Profa. Dra. Marcia Cristina Zago Novaretti (UNINOVE)<\/span><\/span><\/p>\n<\/td>\n<\/tr>\n<tr valign=\"top\">\n<td style=\"background: #deeaf6;\" bgcolor=\"#deeaf6\" width=\"96\">\n<p class=\"western\"><b><span style=\"color: #00000a;\"><span style=\"font-size: medium;\">14h30 \u00e0s 16h45<\/span><\/span><\/b><\/p>\n<\/td>\n<td style=\"background: #deeaf6;\" bgcolor=\"#deeaf6\" width=\"440\">\n<p class=\"western\"><span style=\"color: #00000a;\"><span style=\"font-size: medium;\">Sess\u00e3o de Apresenta\u00e7\u00e3o de Trabalhos <\/span><\/span><\/p>\n<\/td>\n<\/tr>\n<tr valign=\"top\">\n<td width=\"96\">\n<p class=\"western\"><b><span style=\"color: #00000a;\"><span style=\"font-size: medium;\">16h45 \u00e0s 17h15<\/span><\/span><\/b><\/p>\n<\/td>\n<td width=\"440\">\n<div style=\"color: #00000a;font-size: medium;\">Coffee Break<\/div>\n<\/td>\n<\/tr>\n<tr valign=\"top\">\n<td style=\"background: #deeaf6;\" bgcolor=\"#deeaf6\" width=\"96\">\n<p class=\"western\"><b><span style=\"color: #00000a;\"><span style=\"font-size: medium;\">17h15 \u00e0s 18h15<\/span><\/span><\/b><\/p>\n<\/td>\n<td style=\"background: #deeaf6;\" bgcolor=\"#deeaf6\" width=\"440\">\n<p class=\"western\"><span style=\"color: #00000a;\"><span style=\"font-size: medium;\"><b>F\u00f3rum de Editores e Autores<\/b><\/span><\/span><\/p>\n<p class=\"western\"><span style=\"color: #00000a;\"><span style=\"font-size: medium;\">Prof. Dr. Fernando Serra (UNINOVE \u2013 Editor da RIAE)<\/span><\/span><\/p>\n<p class=\"western\"><span style=\"color: #00000a;\"><span style=\"font-size: medium;\">Prof. Dr. Ot\u00e1vio Freire (UNINOVE \u2013 Editor da ReMark)<\/span><\/span><\/p>\n<p class=\"western\"><span style=\"color: #00000a;\"><span style=\"font-size: medium;\">Profa. Dra. Cibele Barsalini Martins (UFSC \u2013 Editora da GeSec)<\/span><\/span><\/p>\n<\/td>\n<\/tr>\n<tr valign=\"top\">\n<td width=\"96\">\n<p class=\"western\"><b><span style=\"color: #00000a;\"><span style=\"font-size: medium;\">18h15<\/span><\/span><\/b><\/p>\n<\/td>\n<td width=\"440\">\n<p class=\"western\"><span style=\"color: #00000a;\"><span style=\"font-size: medium;\"><b>Premia\u00e7\u00e3o dos Melhores Trabalhos<\/b><\/span><\/span><\/p>\n<\/td>\n<\/tr>\n<\/tbody>\n<\/table>\n<h3>2\u00ba Dia do Evento<\/h3>\n<table width=\"567\" cellspacing=\"0\" cellpadding=\"7\">\n<colgroup>\n<col width=\"98\" \/>\n<col width=\"438\" \/> <\/colgroup>\n<tbody>\n<tr valign=\"top\">\n<td width=\"98\">\n<p class=\"western\"><b><span style=\"color: #00000a;\"><span style=\"font-size: medium;\">Hor\u00e1rio<\/span><\/span><\/b><\/p>\n<\/td>\n<td width=\"438\">\n<p class=\"western\"><b><span style=\"color: #00000a;\"><span style=\"font-size: medium;\">14 de novembro de 2017 (Ter\u00e7a-feira)<\/span><\/span><\/b><\/p>\n<\/td>\n<\/tr>\n<tr valign=\"top\">\n<td style=\"background: #deeaf6;\" bgcolor=\"#deeaf6\" width=\"98\">\n<p class=\"western\"><b><span style=\"color: #00000a;\"><span style=\"font-size: medium;\">8h30<\/span><\/span><\/b><\/p>\n<\/td>\n<td style=\"background: #deeaf6;\" bgcolor=\"#deeaf6\" width=\"438\">\n<p class=\"western\"><span style=\"color: #00000a;\"><span style=\"font-size: medium;\">Credenciamento<\/span><\/span><\/p>\n<\/td>\n<\/tr>\n<tr valign=\"top\">\n<td width=\"98\">\n<p class=\"western\"><b><span style=\"color: #00000a;\"><span style=\"font-size: medium;\">9h \u00e0s 10h30<\/span><\/span><\/b><\/p>\n<\/td>\n<td style=\"background: #ffffff;\" bgcolor=\"#ffffff\" width=\"438\">\n<p class=\"western\"><span style=\"color: #00000a;\"><span style=\"font-size: medium;\"><b>Confer\u00eancia: Oportunidades Empreendedoras em Pa\u00edses Emergentes <\/b><\/span><\/span><\/p>\n<p class=\"western\"><span style=\"color: #00000a;\"><span style=\"font-size: medium;\"><b>Conferencista:<\/b><\/span><\/span><span style=\"color: #00000a;\"><span style=\"font-size: medium;\"> Prof. Dr. Nader Asgary (Bentley University &#8211; EUA)<\/span><\/span><\/p>\n<p class=\"western\"><span style=\"color: #00000a;\"><span style=\"font-size: medium;\"><b>Debatedor:<\/b><\/span><\/span> <span style=\"color: #00000a;\"><span style=\"font-size: medium;\">Prof. Dr. Henrique Freitas (UNINOVE)<\/span><\/span><\/p>\n<p class=\"western\"><span style=\"color: #00000a;\"><span style=\"font-size: medium;\"><b>Mediador: <\/b><\/span><\/span><span style=\"color: #00000a;\"><span style=\"font-size: medium;\">Prof. Dr. Leonel Cezar Rodrigues (UNINOVE)<\/span><\/span><\/p>\n<\/td>\n<\/tr>\n<tr valign=\"top\">\n<td style=\"background: #deeaf6;\" bgcolor=\"#deeaf6\" width=\"98\">\n<p class=\"western\"><b><span style=\"color: #00000a;\"><span style=\"font-size: medium;\">10h30 \u00e0s 11h<\/span><\/span><\/b><\/p>\n<\/td>\n<td style=\"background: #deeaf6;\" bgcolor=\"#deeaf6\" width=\"438\">\n<p class=\"western\"><span style=\"color: #00000a;\"><span style=\"font-size: medium;\">Coffee Break<\/span><\/span><\/p>\n<\/td>\n<\/tr>\n<tr valign=\"top\">\n<td width=\"98\">\n<p class=\"western\"><b><span style=\"color: #00000a;\"><span style=\"font-size: medium;\">11h \u00e0s 12h30<\/span><\/span><\/b><\/p>\n<\/td>\n<td width=\"438\">\n<p class=\"western\"><span style=\"color: #00000a;\"><span style=\"font-size: medium;\"><b>Confer\u00eancia: <\/b><\/span><\/span><span style=\"color: #00000a;\"><span style=\"font-size: medium;\"><b>Finan\u00e7as Aplicada a Gest\u00e3o de Projetos<\/b><\/span><\/span><\/p>\n<p class=\"western\"><span style=\"color: #00000a;\"><span style=\"font-size: medium;\"><span lang=\"en-US\"><b>Conferencista:<\/b><\/span><\/span><\/span><span style=\"color: #00000a;\"><span style=\"font-size: medium;\"><span lang=\"en-US\"> Prof. Dr. Ahmad Etebari (University of New Hampshire)<\/span><\/span><\/span><\/p>\n<p class=\"western\"><span style=\"color: #00000a;\"><span style=\"font-size: medium;\"><b>Debatedor:<\/b><\/span><\/span><span style=\"color: #00000a;\"><span style=\"font-size: medium;\">\u00a0Prof. Dr. Ronaldo Lamounier Locatelli (Funda\u00e7\u00e3o Pedro Leopoldo)<\/span><\/span><\/p>\n<p class=\"western\"><span style=\"color: #00000a;\"><span style=\"font-size: medium;\"><b>Mediadora:<\/b><\/span><\/span> <span style=\"color: #00000a;\"><span style=\"font-size: medium;\">Profa. Dra. Cristina Dai Pr\u00e1 Martens (UNINOVE)<\/span><\/span><\/p>\n<\/td>\n<\/tr>\n<tr valign=\"top\">\n<td style=\"background: #deeaf6;\" bgcolor=\"#deeaf6\" width=\"98\">\n<p class=\"western\"><b><span style=\"color: #00000a;\"><span style=\"font-size: medium;\">12h30 \u00e0s 14h<\/span><\/span><\/b><\/p>\n<\/td>\n<td style=\"background: #deeaf6;\" bgcolor=\"#deeaf6\" width=\"438\">\n<p class=\"western\"><span style=\"color: #00000a;\"><span style=\"font-size: medium;\"><b>Intervalo para o almo\u00e7o<\/b><\/span><\/span><\/p>\n<\/td>\n<\/tr>\n<tr valign=\"top\">\n<td width=\"98\">\n<p class=\"western\"><b><span style=\"color: #00000a;\"><span style=\"font-size: medium;\">14h \u00e0s 15h45<\/span><\/span><\/b><\/p>\n<\/td>\n<td width=\"438\">\n<p class=\"western\"><span style=\"color: #00000a;\"><span style=\"font-size: medium;\"><b>Workshop: Produ\u00e7\u00e3o T\u00e9cnica e Tecnol\u00f3gica <\/b><\/span><\/span><\/p>\n<p class=\"western\"><span style=\"color: #00000a;\"><span style=\"font-size: medium;\">Prof. Dr. Renato Ribeiro Nogueira Ferraz (UNINOVE)<\/span><\/span><\/p>\n<p class=\"western\"><span style=\"color: #00000a;\"><span style=\"font-size: medium;\">Prof. Dr. Marcos Mazzieri (UNINOVE)<\/span><\/span><\/p>\n<\/td>\n<\/tr>\n<tr valign=\"top\">\n<td style=\"background: #deeaf6;\" bgcolor=\"#deeaf6\" width=\"98\">\n<p class=\"western\"><b><span style=\"color: #00000a;\"><span style=\"font-size: medium;\">14h \u00e0s 15h45<\/span><\/span><\/b><\/p>\n<\/td>\n<td style=\"background: #deeaf6;\" bgcolor=\"#deeaf6\" width=\"438\">\n<p class=\"western\"><span style=\"color: #00000a;\"><span style=\"font-size: medium;\"><b>Sess\u00e3o de Apresenta\u00e7\u00e3o de Trabalhos<\/b><\/span><\/span><\/p>\n<\/td>\n<\/tr>\n<tr valign=\"top\">\n<td width=\"98\">\n<p class=\"western\"><b><span style=\"color: #00000a;\"><span style=\"font-size: medium;\">15h45 \u00e0s 16h15<\/span><\/span><\/b><\/p>\n<\/td>\n<td width=\"438\">\n<p class=\"western\"><span style=\"color: #00000a;\"><span style=\"font-size: medium;\">Coffee Break<\/span><\/span><\/p>\n<\/td>\n<\/tr>\n<tr valign=\"top\">\n<td style=\"background: #deeaf6;\" bgcolor=\"#deeaf6\" width=\"98\">\n<p class=\"western\"><b><span style=\"color: #00000a;\"><span style=\"font-size: medium;\">16h15 \u00e0s 18h<\/span><\/span><\/b><\/p>\n<\/td>\n<td style=\"background: #deeaf6;\" bgcolor=\"#deeaf6\" width=\"438\">\n<p class=\"western\"><span style=\"color: #00000a;\"><span style=\"font-size: medium;\"><b>Sess\u00e3o de Apresenta\u00e7\u00e3o de Trabalhos <\/b><\/span><\/span><\/p>\n<\/td>\n<\/tr>\n<tr valign=\"top\">\n<td width=\"98\">\n<p class=\"western\"><b><span style=\"color: #00000a;\"><span style=\"font-size: medium;\">18h<\/span><\/span><\/b><\/p>\n<\/td>\n<td width=\"438\">\n<p class=\"western\"><span style=\"color: #00000a;\"><span style=\"font-size: medium;\"><b>Sess\u00e3o de Encerramento do VI SINGEP<\/b><\/span><\/span><\/p>\n<\/td>\n<\/tr>\n<\/tbody>\n<\/table>\n","protected":false},"excerpt":{"rendered":"<p>&nbsp; 1\u00ba Dia do Evento Hor\u00e1rio 13 de novembro de 2017 (Segunda-feira) 8h30 Credenciamento 9h Solenidade de Abertura Prof. Dr. Emerson Ant\u00f4nio Maccari (Diretor do PPGA-UNINOVE e Presidente da Comiss\u00e3o Organizadora do VI SINGEP) Prof. Dr. Fernando Ant\u00f4nio Ribeiro Serra (PPGA-UNINOVE e Presidente da Comiss\u00e3o Organizadora do V ELBE &#8211; Edi\u00e7\u00e3o Brasil) Profa. Dra. Cl\u00e1udia [&hellip;]<\/p>\n","protected":false},"author":1,"featured_media":0,"parent":0,"menu_order":0,"comment_status":"closed","ping_status":"open","template":"","meta":{"footnotes":""},"class_list":["post-4341","page","type-page","status-publish","hentry"],"_links":{"self":[{"href":"https:\/\/singep.org.br\/6\/wp-json\/wp\/v2\/pages\/4341","targetHints":{"allow":["GET"]}}],"collection":[{"href":"https:\/\/singep.org.br\/6\/wp-json\/wp\/v2\/pages"}],"about":[{"href":"https:\/\/singep.org.br\/6\/wp-json\/wp\/v2\/types\/page"}],"author":[{"embeddable":true,"href":"https:\/\/singep.org.br\/6\/wp-json\/wp\/v2\/users\/1"}],"replies":[{"embeddable":true,"href":"https:\/\/singep.org.br\/6\/wp-json\/wp\/v2\/comments?post=4341"}],"version-history":[{"count":0,"href":"https:\/\/singep.org.br\/6\/wp-json\/wp\/v2\/pages\/4341\/revisions"}],"wp:attachment":[{"href":"https:\/\/singep.org.br\/6\/wp-json\/wp\/v2\/media?parent=4341"}],"curies":[{"name":"wp","href":"https:\/\/api.w.org\/{rel}","templated":true}]}}