{"id":24,"date":"2014-05-23T14:02:31","date_gmt":"2014-05-23T17:02:31","guid":{"rendered":"http:\/\/impermad.com.br\/singep\/?page_id=24"},"modified":"2017-08-31T16:11:26","modified_gmt":"2017-08-31T19:11:26","slug":"datas-importantes","status":"publish","type":"page","link":"https:\/\/singep.org.br\/6\/datas-importantes\/","title":{"rendered":"Datas Importantes"},"content":{"rendered":"<p><strong>Divulga\u00e7\u00e3o dos trabalhos aprovados:<\/strong> 20\/09\/2017<\/p>\n<p><strong>Inscri\u00e7\u00f5es dos autores com trabalhos aprovados at\u00e9:<\/strong> 02\/10\/2017<\/p>\n<p><strong>Data do evento:<\/strong> 13 e 14\/11\/2017<\/p>\n","protected":false},"excerpt":{"rendered":"<p>Divulga\u00e7\u00e3o dos trabalhos aprovados: 20\/09\/2017 Inscri\u00e7\u00f5es dos autores com trabalhos aprovados at\u00e9: 02\/10\/2017 Data do evento: 13 e 14\/11\/2017<\/p>\n","protected":false},"author":1,"featured_media":0,"parent":0,"menu_order":0,"comment_status":"closed","ping_status":"closed","template":"","meta":{"footnotes":""},"class_list":["post-24","page","type-page","status-publish","hentry"],"_links":{"self":[{"href":"https:\/\/singep.org.br\/6\/wp-json\/wp\/v2\/pages\/24","targetHints":{"allow":["GET"]}}],"collection":[{"href":"https:\/\/singep.org.br\/6\/wp-json\/wp\/v2\/pages"}],"about":[{"href":"https:\/\/singep.org.br\/6\/wp-json\/wp\/v2\/types\/page"}],"author":[{"embeddable":true,"href":"https:\/\/singep.org.br\/6\/wp-json\/wp\/v2\/users\/1"}],"replies":[{"embeddable":true,"href":"https:\/\/singep.org.br\/6\/wp-json\/wp\/v2\/comments?post=24"}],"version-history":[{"count":0,"href":"https:\/\/singep.org.br\/6\/wp-json\/wp\/v2\/pages\/24\/revisions"}],"wp:attachment":[{"href":"https:\/\/singep.org.br\/6\/wp-json\/wp\/v2\/media?parent=24"}],"curies":[{"name":"wp","href":"https:\/\/api.w.org\/{rel}","templated":true}]}}