{"id":121,"date":"2014-05-26T17:02:44","date_gmt":"2014-05-26T20:02:44","guid":{"rendered":"http:\/\/impermad.com.br\/singep\/?page_id=121"},"modified":"2017-06-08T01:27:43","modified_gmt":"2017-06-08T01:27:43","slug":"inovacao","status":"publish","type":"page","link":"https:\/\/singep.org.br\/6\/areas\/inovacao\/","title":{"rendered":"Inova\u00e7\u00e3o"},"content":{"rendered":"<p>Temas:<\/p>\n<ol>\n<li>Inova\u00e7\u00e3o, Tecnologia e Competitividade<\/li>\n<li>Inova\u00e7\u00e3o, Incubadoras e Parques Tecnol\u00f3gicos<\/li>\n<li>Pol\u00edticas e Gest\u00e3o da Ci\u00eancia, Tecnologia e Inova\u00e7\u00e3o<\/li>\n<li>Inova\u00e7\u00e3o, Internacionaliza\u00e7\u00e3o e Estrat\u00e9gia<\/li>\n<li>Inova\u00e7\u00e3o Organizacional, de Neg\u00f3cios e Empreendedorismo<\/li>\n<li>Inova\u00e7\u00e3o e Marketing<\/li>\n<li>Inova\u00e7\u00e3o e Administra\u00e7\u00e3o P\u00fablica<\/li>\n<li>Inova\u00e7\u00e3o e Gest\u00e3o da Sa\u00fade<\/li>\n<li>Inova\u00e7\u00e3o, Opera\u00e7\u00f5es e Log\u00edstica<\/li>\n<li>T\u00f3picos Especiais em Inova\u00e7\u00e3o (Este tema contempla outros importantes t\u00f3picos sobre\u00a0inova\u00e7\u00e3o\u00a0que n\u00e3o foram apresentados nos temas anteriores)<\/li>\n<\/ol>\n<p>&nbsp;<\/p>\n","protected":false},"excerpt":{"rendered":"<p>Temas: Inova\u00e7\u00e3o, Tecnologia e Competitividade Inova\u00e7\u00e3o, Incubadoras e Parques Tecnol\u00f3gicos Pol\u00edticas e Gest\u00e3o da Ci\u00eancia, Tecnologia e Inova\u00e7\u00e3o Inova\u00e7\u00e3o, Internacionaliza\u00e7\u00e3o e Estrat\u00e9gia Inova\u00e7\u00e3o Organizacional, de Neg\u00f3cios e Empreendedorismo Inova\u00e7\u00e3o e Marketing Inova\u00e7\u00e3o e Administra\u00e7\u00e3o P\u00fablica Inova\u00e7\u00e3o e Gest\u00e3o da Sa\u00fade Inova\u00e7\u00e3o, Opera\u00e7\u00f5es e Log\u00edstica T\u00f3picos Especiais em Inova\u00e7\u00e3o (Este tema contempla outros importantes t\u00f3picos sobre\u00a0inova\u00e7\u00e3o\u00a0que [&hellip;]<\/p>\n","protected":false},"author":1,"featured_media":0,"parent":30,"menu_order":0,"comment_status":"closed","ping_status":"closed","template":"","meta":{"footnotes":""},"class_list":["post-121","page","type-page","status-publish","hentry"],"_links":{"self":[{"href":"https:\/\/singep.org.br\/6\/wp-json\/wp\/v2\/pages\/121","targetHints":{"allow":["GET"]}}],"collection":[{"href":"https:\/\/singep.org.br\/6\/wp-json\/wp\/v2\/pages"}],"about":[{"href":"https:\/\/singep.org.br\/6\/wp-json\/wp\/v2\/types\/page"}],"author":[{"embeddable":true,"href":"https:\/\/singep.org.br\/6\/wp-json\/wp\/v2\/users\/1"}],"replies":[{"embeddable":true,"href":"https:\/\/singep.org.br\/6\/wp-json\/wp\/v2\/comments?post=121"}],"version-history":[{"count":0,"href":"https:\/\/singep.org.br\/6\/wp-json\/wp\/v2\/pages\/121\/revisions"}],"up":[{"embeddable":true,"href":"https:\/\/singep.org.br\/6\/wp-json\/wp\/v2\/pages\/30"}],"wp:attachment":[{"href":"https:\/\/singep.org.br\/6\/wp-json\/wp\/v2\/media?parent=121"}],"curies":[{"name":"wp","href":"https:\/\/api.w.org\/{rel}","templated":true}]}}