{"id":8942,"date":"2014-05-26T16:59:19","date_gmt":"2014-05-26T19:59:19","guid":{"rendered":"http:\/\/impermad.com.br\/singep\/?page_id=118"},"modified":"2026-03-12T14:36:08","modified_gmt":"2026-03-12T17:36:08","slug":"gestao-de-projetos","status":"publish","type":"page","link":"https:\/\/singep.org.br\/14\/areas\/gestao-de-projetos\/","title":{"rendered":"Gest\u00e3o de Projetos"},"content":{"rendered":"\n<p>Projetos, Tecnologias e Sociedade: Discuss\u00f5es sobre Sociedades mais Sustent\u00e1veis, Humanizadas e Tecnologicamente Integradas no XIV SINGEP<\/p>\n\n\n\n<p><strong>L\u00edderes:<\/strong><\/p>\n\n\n\n<ul class=\"wp-block-list\">\n<li>Walter Cardoso S\u00e1tyro \u2013 Doutor em Engenharia de Produ\u00e7\u00e3o pela Universidade Paulista (UNIP) e Programa de P\u00f3s-Gradua\u00e7\u00e3o em Gest\u00e3o de Projetos da Universidade Nove de Julho (UNINOVE)<\/li>\n\n\n\n<li>Marcirio Silveira Chaves \u2013 Doutor em Inform\u00e1tica pela Universidade de Lisboa e Mestre em Ci\u00eancia da Computa\u00e7\u00e3o pela Pontif\u00edcia Universidade Cat\u00f3lica do Rio Grande do Sul (PUCRS).<\/li>\n\n\n\n<li>Claudio Luis Carvalho Larieira \u2013 Programa de P\u00f3s-gradua\u00e7\u00e3o em Administra\u00e7\u00e3o da Universidade Presbiteriana Mackenzie e EAESP\/FGV.<\/li>\n\n\n\n<li>Jos\u00e9 da Assun\u00e7\u00e3o Moutinho \u2013 Doutor e Mestre em Gest\u00e3o de Projetos pela Universidade Nove de Julho (UNINOVE) e Pesquisador na Universidade do Estado do Rio de Janeiro (UERJ).<\/li>\n<\/ul>\n\n\n\n<p>A gest\u00e3o de projetos desempenha um papel essencial na constru\u00e7\u00e3o de sociedades mais sustent\u00e1veis, capazes de se adaptar e prosperar em um mundo em constante transforma\u00e7\u00e3o. A evolu\u00e7\u00e3o das pr\u00e1ticas de governan\u00e7a e a incorpora\u00e7\u00e3o de tecnologias digitais t\u00eam redefinido a forma como os projetos s\u00e3o conduzidos, exigindo novas compet\u00eancias organizacionais, de equipes e individuais. A atua\u00e7\u00e3o estrat\u00e9gica do Project Management Office (PMO) na gest\u00e3o de projetos, portf\u00f3lios e programas, bem como na promo\u00e7\u00e3o da maturidade e alinhamento com os objetivos institucionais se torna ainda mais relevante diante dos desafios contempor\u00e2neos.<\/p>\n\n\n\n<p>No setor p\u00fablico e no terceiro setor, a busca por maior efici\u00eancia e impacto social demandam abordagens inovadoras e sustent\u00e1veis. Al\u00e9m disso, a Ind\u00fastria 4.0 e 5.0, al\u00e9m da Intelig\u00eancia Artificial e outras tecnologias emergentes, est\u00e3o revolucionando os processos de tomada de decis\u00e3o, enquanto metodologias \u00e1geis e h\u00edbridas impulsionam a flexibilidade e a adapta\u00e7\u00e3o dos projetos. A sustentabilidade, por sua vez, emerge como um princ\u00edpio orientador, conectando a pesquisa cient\u00edfica em gest\u00e3o de projetos aos Objetivos do Desenvolvimento Sustent\u00e1vel (ODS) e ao fortalecimento das organiza\u00e7\u00f5es e comunidades.<\/p>\n\n\n\n<p>Diante desse cen\u00e1rio, o XIV SINGEP, com o tema \u201cTecnologias, Inova\u00e7\u00e3o e Pessoas para Sociedades Sustent\u00e1veis\u201d, convida pesquisadores da \u00e1rea de Gest\u00e3o de Projetos a contribuir para o avan\u00e7o do conhecimento e das pr\u00e1ticas em gest\u00e3o de projetos, considerando os desafios e oportunidades de um mundo digital, sustent\u00e1vel e mais humanizado.<\/p>\n\n\n\n<p>Esta chamada busca estudos que explorem metodologias e ferramentas inovadoras, abordagens \u00e1geis e h\u00edbridas, bem como abordagens de governan\u00e7a eficazes e estrat\u00e9gias de gest\u00e3o do conhecimento e aprendizagem em projetos. Incentivamos submiss\u00f5es que analisem o impacto social da gest\u00e3o de projetos e suas contribui\u00e7\u00f5es para sociedades mais sustent\u00e1veis e tecnologicamente integradas, bem como da humaniza\u00e7\u00e3o dos processos e produtos dos projetos.<\/p>\n\n\n\n<p>O XIV SINGEP incentiva submiss\u00f5es que explorem esses desafios sob diferentes abordagens metodol\u00f3gicas, seja por meio de estudos emp\u00edricos ou te\u00f3ricos, envolvendo dados qualitativos e\/ou quantitativos. Buscamos pesquisas que avancem o conhecimento acad\u00eamico e ofere\u00e7am contribui\u00e7\u00f5es pr\u00e1ticas para gestores e formuladores de pol\u00edticas.&nbsp;<\/p>\n\n\n\n<p>Convidamos a comunidade acad\u00eamica a participar dessa discuss\u00e3o, promovendo o interc\u00e2mbio de ideias que possam impulsionar novas perspectivas e solu\u00e7\u00f5es estrat\u00e9gicas para o futuro das organiza\u00e7\u00f5es e sociedade.<\/p>\n\n\n\n<p>&nbsp;Os trabalhos da \u00e1rea de Gest\u00e3o de Projetos para o XIV SINGEP podem ter como foco os seguintes temas:<\/p>\n\n\n\n<ol class=\"wp-block-list\">\n<li>Compet\u00eancias, Lideran\u00e7a e Comportamento em Projetos.<\/li>\n\n\n\n<li>Project Management Office (PMO) e Maturidade em Projetos.<\/li>\n\n\n\n<li>Projetos no Setor P\u00fablico, Terceiro Setor e Impacto Social.<\/li>\n\n\n\n<li>Sustentabilidade, ESG e Cria\u00e7\u00e3o de Valor em Projetos.<\/li>\n\n\n\n<li>Gest\u00e3o do Conhecimento, Aprendizagem e Capacidades Organizacionais em Projetos.<\/li>\n\n\n\n<li>Transforma\u00e7\u00e3o Digital (Ind\u00fastria 4.0, 5.0; Healthcare 4.0; Intelig\u00eancia Artificial e demais tecnologias) em Gest\u00e3o de Projetos.<\/li>\n\n\n\n<li>Metodologias, Modelos e Pr\u00e1ticas em Gest\u00e3o de Projetos.<\/li>\n\n\n\n<li>M\u00e9todos de Pesquisa, Ensino e Desenvolvimento Cient\u00edfico em Gest\u00e3o de Projetos.<\/li>\n\n\n\n<li>Governan\u00e7a, Portf\u00f3lio e Alinhamento Estrat\u00e9gico em Projetos.<\/li>\n\n\n\n<li>Abordagens \u00c1geis, H\u00edbridas e Adaptativas em Projetos.<\/li>\n\n\n\n<li>Fronteiras Emergentes e Novas Agendas em Gest\u00e3o de Projetos.<\/li>\n<\/ol>\n\n\n\n<p><a><\/a>Submeta seu artigo e contribua para o avan\u00e7o da Gest\u00e3o de Projetos na interse\u00e7\u00e3o entre teoria e pr\u00e1tica!<\/p>\n","protected":false},"excerpt":{"rendered":"<p>Projetos, Tecnologias e Sociedade: Discuss\u00f5es sobre Sociedades mais Sustent\u00e1veis, Humanizadas e Tecnologicamente Integradas no XIV SINGEP L\u00edderes: A gest\u00e3o de projetos desempenha um papel essencial na constru\u00e7\u00e3o de sociedades mais sustent\u00e1veis, capazes de se adaptar e prosperar em um mundo em constante transforma\u00e7\u00e3o. A evolu\u00e7\u00e3o&nbsp;<a href=\"https:\/\/singep.org.br\/14\/areas\/gestao-de-projetos\/\">&hellip;<\/a><\/p>\n","protected":false},"author":1,"featured_media":0,"parent":8934,"menu_order":0,"comment_status":"closed","ping_status":"closed","template":"","meta":{"footnotes":""},"class_list":["post-8942","page","type-page","status-publish","hentry","odd"],"_links":{"self":[{"href":"https:\/\/singep.org.br\/14\/wp-json\/wp\/v2\/pages\/8942","targetHints":{"allow":["GET"]}}],"collection":[{"href":"https:\/\/singep.org.br\/14\/wp-json\/wp\/v2\/pages"}],"about":[{"href":"https:\/\/singep.org.br\/14\/wp-json\/wp\/v2\/types\/page"}],"author":[{"embeddable":true,"href":"https:\/\/singep.org.br\/14\/wp-json\/wp\/v2\/users\/1"}],"replies":[{"embeddable":true,"href":"https:\/\/singep.org.br\/14\/wp-json\/wp\/v2\/comments?post=8942"}],"version-history":[{"count":3,"href":"https:\/\/singep.org.br\/14\/wp-json\/wp\/v2\/pages\/8942\/revisions"}],"predecessor-version":[{"id":10662,"href":"https:\/\/singep.org.br\/14\/wp-json\/wp\/v2\/pages\/8942\/revisions\/10662"}],"up":[{"embeddable":true,"href":"https:\/\/singep.org.br\/14\/wp-json\/wp\/v2\/pages\/8934"}],"wp:attachment":[{"href":"https:\/\/singep.org.br\/14\/wp-json\/wp\/v2\/media?parent=8942"}],"curies":[{"name":"wp","href":"https:\/\/api.w.org\/{rel}","templated":true}]}}