{"id":8943,"date":"2014-05-26T17:04:13","date_gmt":"2014-05-26T20:04:13","guid":{"rendered":"http:\/\/impermad.com.br\/singep\/?page_id=119"},"modified":"2025-04-17T12:29:19","modified_gmt":"2025-04-17T15:29:19","slug":"sustentabilidade","status":"publish","type":"page","link":"https:\/\/singep.org.br\/13\/areas\/sustentabilidade\/","title":{"rendered":"Sustentabilidade"},"content":{"rendered":"\n<p>Caminhos para um Futuro Sustent\u00e1vel: Avan\u00e7os e Desafios na Pesquisa em Sustentabilidade no XII SINGEP-CIK<\/p>\n\n\n\n<h3 class=\"wp-block-heading\"><strong>L\u00edderes:<\/strong><\/h3>\n\n\n\n<ul class=\"wp-block-list\">\n<li>Heidy Rodriguez Ramos \u2013 Programa de P\u00f3s-Gradua\u00e7\u00e3o em Administra\u00e7\u00e3o e Programa de P\u00f3s-Gradua\u00e7\u00e3o em Cidades Inteligentes e Sustent\u00e1veis da Universidade Nove de Julho (UNINOVE).<\/li>\n\n\n\n<li>Claudia Maria da Silva Bezerra \u2013 Instituto de Desenvolvimento e Aprendizagem (IDEA).<\/li>\n\n\n\n<li>Marcela Barbosa de Moraes \u2013 Programa de P\u00f3s-Gradua\u00e7\u00e3o em Gest\u00e3o e Desenvolvimento Regional da Universidade de Taubat\u00e9 (UNITAU).<\/li>\n\n\n\n<li>Marcelo Roger Meneghatti &#8211; Universidade Estadual do Paran\u00e1 (UNESPAR) e Programa de P\u00f3s-gradua\u00e7\u00e3o Profissional em Administra\u00e7\u00e3o da Universidade Estadual do Oeste do Paran\u00e1 (UNIOESTE).<\/li>\n<\/ul>\n\n\n\n<p>As mudan\u00e7as clim\u00e1ticas, a perda de biodiversidade, os desastres ambientais e a escassez de recursos naturais exigem uma nova agenda para a gest\u00e3o organizacional, as pol\u00edticas p\u00fablicas e o desenvolvimento cient\u00edfico. O avan\u00e7o das tecnologias digitais, os crit\u00e9rios regulat\u00f3rios globais e a press\u00e3o da sociedade civil demandam solu\u00e7\u00f5es integradas, inovadoras e baseadas em evid\u00eancias para enfrentar os desafios socioambientais atuais.<\/p>\n\n\n\n<p>Diante desse cen\u00e1rio, o XIII SINGEP-CIK convida pesquisadores da \u00e1rea de Sustentabilidade a submeter estudos que abordem os grandes temas relacionados \u00e0 transi\u00e7\u00e3o ecol\u00f3gica, \u00e0 justi\u00e7a clim\u00e1tica, \u00e0 economia regenerativa, bem como \u00e0 constru\u00e7\u00e3o de sociedades resilientes. O evento incentiva submiss\u00f5es que explorem esses desafios sob diferentes abordagens metodol\u00f3gicas, seja por meio de estudos emp\u00edricos ou te\u00f3ricos, envolvendo dados qualitativos e\/ou quantitativos. Buscamos pesquisas que avancem o conhecimento acad\u00eamico e ofere\u00e7am contribui\u00e7\u00f5es pr\u00e1ticas para gestores e formuladores de pol\u00edticas.&nbsp;<\/p>\n\n\n\n<p>Convidamos a comunidade acad\u00eamica a submeter artigos que contribuam para o avan\u00e7o do conhecimento na \u00e1rea de Sustentabilidade, incentivando o interc\u00e2mbio de ideias, experi\u00eancias e abordagens inovadoras voltadas \u00e0 constru\u00e7\u00e3o de solu\u00e7\u00f5es para os desafios ambientais, sociais e econ\u00f4micos enfrentados pela sociedade contempor\u00e2nea, al\u00e9m de promover a reflex\u00e3o cr\u00edtica e a aplica\u00e7\u00e3o de solu\u00e7\u00f5es em diferentes contextos e escalas.<\/p>\n\n\n\n<p>Os trabalhos da \u00e1rea de Sustentabilidade para o XIII SINGEP-CIK podem ter como foco os seguintes temas:<\/p>\n\n\n\n<ol start=\"1\" class=\"wp-block-list\">\n<li>\u2060Descarboniza\u00e7\u00e3o e Mitiga\u00e7\u00e3o das Mudan\u00e7as Clim\u00e1ticas:<\/li>\n\n\n\n<li>Economia Circular e Modelos Regenerativos<\/li>\n\n\n\n<li>Indicadores de Sustentabilidade<\/li>\n\n\n\n<li>Log\u00edsticas Reversa e Gest\u00e3o de Res\u00edduos<\/li>\n\n\n\n<li>Pol\u00edticas P\u00fablicas e Marco Regulat\u00f3rio Ambiental<\/li>\n\n\n\n<li>Responsabilidade Social Corporativa e ESG<\/li>\n\n\n\n<li>Cidades Inteligentes, Sustent\u00e1veis e Resilientes<\/li>\n\n\n\n<li>Efici\u00eancia Energ\u00e9tica e uso de energias renov\u00e1veis<\/li>\n\n\n\n<li>Constru\u00e7\u00f5es Sustent\u00e1veis<\/li>\n\n\n\n<li>Metodologias de Pesquisa em Sustentabilidade<\/li>\n\n\n\n<li>T\u00f3picos Emergentes em Sustentabilidade<\/li>\n\n\n\n<li>Pesquisa cient\u00edfica em sustentabilidade e impacto na sociedade: contribui\u00e7\u00f5es para o alcance dos Objetivos do Desenvolvimento Sustent\u00e1vel<\/li>\n<\/ol>\n\n\n\n<p>Submeta seu artigo e contribua para o avan\u00e7o da Sustentabilidade na interse\u00e7\u00e3o entre teoria e pr\u00e1tica!<\/p>\n","protected":false},"excerpt":{"rendered":"<p>Caminhos para um Futuro Sustent\u00e1vel: Avan\u00e7os e Desafios na Pesquisa em Sustentabilidade no XII SINGEP-CIK L\u00edderes: As mudan\u00e7as clim\u00e1ticas, a perda de biodiversidade, os desastres ambientais e a escassez de recursos naturais exigem uma nova agenda para a gest\u00e3o organizacional, as pol\u00edticas p\u00fablicas e o&nbsp;<a href=\"https:\/\/singep.org.br\/13\/areas\/sustentabilidade\/\">&hellip;<\/a><\/p>\n","protected":false},"author":1,"featured_media":0,"parent":8934,"menu_order":0,"comment_status":"closed","ping_status":"closed","template":"","meta":{"footnotes":""},"class_list":["post-8943","page","type-page","status-publish","hentry","odd"],"jetpack_sharing_enabled":true,"_links":{"self":[{"href":"https:\/\/singep.org.br\/13\/wp-json\/wp\/v2\/pages\/8943","targetHints":{"allow":["GET"]}}],"collection":[{"href":"https:\/\/singep.org.br\/13\/wp-json\/wp\/v2\/pages"}],"about":[{"href":"https:\/\/singep.org.br\/13\/wp-json\/wp\/v2\/types\/page"}],"author":[{"embeddable":true,"href":"https:\/\/singep.org.br\/13\/wp-json\/wp\/v2\/users\/1"}],"replies":[{"embeddable":true,"href":"https:\/\/singep.org.br\/13\/wp-json\/wp\/v2\/comments?post=8943"}],"version-history":[{"count":3,"href":"https:\/\/singep.org.br\/13\/wp-json\/wp\/v2\/pages\/8943\/revisions"}],"predecessor-version":[{"id":9831,"href":"https:\/\/singep.org.br\/13\/wp-json\/wp\/v2\/pages\/8943\/revisions\/9831"}],"up":[{"embeddable":true,"href":"https:\/\/singep.org.br\/13\/wp-json\/wp\/v2\/pages\/8934"}],"wp:attachment":[{"href":"https:\/\/singep.org.br\/13\/wp-json\/wp\/v2\/media?parent=8943"}],"curies":[{"name":"wp","href":"https:\/\/api.w.org\/{rel}","templated":true}]}}