{"id":6491,"date":"2021-05-03T16:11:36","date_gmt":"2021-05-03T19:11:36","guid":{"rendered":"https:\/\/singep.org.br\/13\/?page_id=6491"},"modified":"2025-04-01T10:43:06","modified_gmt":"2025-04-01T13:43:06","slug":"marketing","status":"publish","type":"page","link":"https:\/\/singep.org.br\/13\/areas\/marketing\/","title":{"rendered":"Marketing"},"content":{"rendered":"\n<p>Desafios e Vulnerabilidades do Marketing Contempor\u00e2neo: Reflex\u00f5es sobre rela\u00e7\u00f5es de consumo sustent\u00e1veis no XIII SINGEP-CIK<\/p>\n\n\n\n<p><strong>L\u00edderes:<\/strong><\/p>\n\n\n\n<ul class=\"wp-block-list\">\n<li>Leonardo Vils \u2013 Programa de P\u00f3s-Gradua\u00e7\u00e3o em Gest\u00e3o de Projetos e Programa de P\u00f3s-Gradua\u00e7\u00e3o em Administra\u00e7\u00e3o da Universidade Nove de Julho (UNINOVE)<\/li>\n\n\n\n<li>Andr\u00e9 Torres Urdan \u2013 Programa de P\u00f3s-Gradua\u00e7\u00e3o em Administra\u00e7\u00e3o da Universidade Nove de Julho (UNINOVE)<\/li>\n\n\n\n<li>Eduardo Mesquita \u2013 Escola Superior de Propaganda e Marketing ESPM\u2013 SP<\/li>\n\n\n\n<li>Christian Gomes-e-Souza Munaier &#8211; Instituto Tecnol\u00f3gico y de Estudios Superiores de Monterrey\u00a0(ITESM) &#8211; M\u00e9xico<\/li>\n<\/ul>\n\n\n\n<p>A era da transforma\u00e7\u00e3o digital, catalisada pelo advento das m\u00eddias sociais e da intelig\u00eancia artificial, tem reconfigurado o panorama do marketing contempor\u00e2neo, oferecendo oportunidades in\u00e9ditas para a intera\u00e7\u00e3o entre marcas e consumidores. Diante desse cen\u00e1rio, o XIII SINGEP-CIK convida pesquisadores da \u00e1rea de Marketing a contribuir com estudos que dialoguem com as novas oportunidades e vulnerabilidades que se apresentam.<\/p>\n\n\n\n<p>Esse novo cen\u00e1rio exp\u00f5e uma s\u00e9rie de vulnerabilidades que requerem an\u00e1lise e reflex\u00e3o acad\u00eamica, destacando-se a dissemina\u00e7\u00e3o de not\u00edcias falsas (<em>fake news<\/em>), a prolifera\u00e7\u00e3o das apostas <em>online<\/em>, o incremento do consumo compulsivo, a influ\u00eancia de personalidades t\u00f3xicas, a mercantiliza\u00e7\u00e3o de avalia\u00e7\u00f5es e o aumento dos v\u00edcios relacionados a jogos de azar. Buscamos estudos que abordem a extens\u00e3o dessas vulnerabilidades e a elabora\u00e7\u00e3o de estrat\u00e9gias que mitiguem seus impactos negativos, promovendo, assim, pr\u00e1ticas de marketing mais respons\u00e1veis e sustent\u00e1veis.<\/p>\n\n\n\n<p>O XIII SINGEP-CIK incentiva submiss\u00f5es que explorem esses desafios sob diferentes abordagens metodol\u00f3gicas, seja por meio de estudos emp\u00edricos ou te\u00f3ricos, envolvendo dados qualitativos e\/ou quantitativos. Buscamos pesquisas que avancem o conhecimento acad\u00eamico e ofere\u00e7am contribui\u00e7\u00f5es pr\u00e1ticas para gestores e formuladores de pol\u00edticas.&nbsp;<\/p>\n\n\n\n<p>Convidamos a comunidade acad\u00eamica a participar dessa discuss\u00e3o, promovendo o interc\u00e2mbio de ideias que possam impulsionar novas perspectivas e solu\u00e7\u00f5es estrat\u00e9gicas para o futuro dos neg\u00f3cios.<\/p>\n\n\n\n<p>&nbsp;Os trabalhos da \u00e1rea de Marketing para o XIII SINGEP-CIK podem ter como foco os seguintes temas:<\/p>\n\n\n\n<ol start=\"1\" class=\"wp-block-list\">\n<li>Marketing, Transforma\u00e7\u00e3o Digital e Intelig\u00eancia Artificial<\/li>\n\n\n\n<li>Marketing Analytics<\/li>\n\n\n\n<li>T\u00e9cnicas Neurocient\u00edficas Aplicadas ao Marketing<\/li>\n\n\n\n<li>Ensino e Pesquisa em Marketing<\/li>\n\n\n\n<li>Comportamento do Consumidor<\/li>\n\n\n\n<li>Comunica\u00e7\u00e3o de Marketing<\/li>\n\n\n\n<li>Canais de Marketing<\/li>\n\n\n\n<li>Marketing de Servi\u00e7os<\/li>\n\n\n\n<li>Gest\u00e3o Estrat\u00e9gica de Marcas<\/li>\n\n\n\n<li>Pesquisa cient\u00edfica em marketing e impacto na sociedade: contribui\u00e7\u00f5es para o alcance dos Objetivos do Desenvolvimento Sustent\u00e1vel<\/li>\n<\/ol>\n\n\n\n<p>Submeta seu artigo e contribua para o avan\u00e7o da Marketing na interse\u00e7\u00e3o entre teoria e pr\u00e1tica!<\/p>\n","protected":false},"excerpt":{"rendered":"<p>Desafios e Vulnerabilidades do Marketing Contempor\u00e2neo: Reflex\u00f5es sobre rela\u00e7\u00f5es de consumo sustent\u00e1veis no XIII SINGEP-CIK L\u00edderes: A era da transforma\u00e7\u00e3o digital, catalisada pelo advento das m\u00eddias sociais e da intelig\u00eancia artificial, tem reconfigurado o panorama do marketing contempor\u00e2neo, oferecendo oportunidades in\u00e9ditas para a intera\u00e7\u00e3o entre&nbsp;<a href=\"https:\/\/singep.org.br\/13\/areas\/marketing\/\">&hellip;<\/a><\/p>\n","protected":false},"author":1,"featured_media":0,"parent":8934,"menu_order":0,"comment_status":"closed","ping_status":"closed","template":"","meta":{"footnotes":""},"class_list":["post-6491","page","type-page","status-publish","hentry","odd"],"jetpack_sharing_enabled":true,"_links":{"self":[{"href":"https:\/\/singep.org.br\/13\/wp-json\/wp\/v2\/pages\/6491","targetHints":{"allow":["GET"]}}],"collection":[{"href":"https:\/\/singep.org.br\/13\/wp-json\/wp\/v2\/pages"}],"about":[{"href":"https:\/\/singep.org.br\/13\/wp-json\/wp\/v2\/types\/page"}],"author":[{"embeddable":true,"href":"https:\/\/singep.org.br\/13\/wp-json\/wp\/v2\/users\/1"}],"replies":[{"embeddable":true,"href":"https:\/\/singep.org.br\/13\/wp-json\/wp\/v2\/comments?post=6491"}],"version-history":[{"count":1,"href":"https:\/\/singep.org.br\/13\/wp-json\/wp\/v2\/pages\/6491\/revisions"}],"predecessor-version":[{"id":9695,"href":"https:\/\/singep.org.br\/13\/wp-json\/wp\/v2\/pages\/6491\/revisions\/9695"}],"up":[{"embeddable":true,"href":"https:\/\/singep.org.br\/13\/wp-json\/wp\/v2\/pages\/8934"}],"wp:attachment":[{"href":"https:\/\/singep.org.br\/13\/wp-json\/wp\/v2\/media?parent=6491"}],"curies":[{"name":"wp","href":"https:\/\/api.w.org\/{rel}","templated":true}]}}