{"id":6211,"date":"2020-02-28T13:19:58","date_gmt":"2020-02-28T16:19:58","guid":{"rendered":"http:\/\/singep.org.br\/12\/?page_id=6211"},"modified":"2024-04-04T21:59:10","modified_gmt":"2024-04-05T00:59:10","slug":"coordenadores-de-areas","status":"publish","type":"page","link":"https:\/\/singep.org.br\/12\/coordenadores-de-areas\/","title":{"rendered":"Coordenadores de \u00c1reas"},"content":{"rendered":"\n<h3 class=\"wp-block-heading\">COORDENADOR GERAL<\/h3>\n\n\n\n<p>JULIO ARAUJO CARNEIRO DA CUNHA \u2013 UNINOVE, S\u00e3o Paulo, Brasil<br><\/p>\n\n\n\n<h3 class=\"wp-block-heading\">COORDENADORES DE \u00c1REAS<\/h3>\n\n\n\n<p><strong>ESTRAT\u00c9GIA <\/strong>\u2013 FERNANDO ANTONIO RIBEIRO SERRA, Universidade Nove de Julho \u2013 UNINOVE, S\u00e3o Paulo, Brasil<br><strong>GEST\u00c3O DE PROJETOS <\/strong>\u2013 CRISTIANE DREBES PEDRON, Universidade Nove de Julho \u2013 UNINOVE, S\u00e3o Paulo, Brasil<br><strong>INOVA\u00c7\u00c3O E EMPREENDEDORISMO <\/strong>\u2013 PRISCILA REZENDE DA COSTA, Universidade Nove de Julho \u2013 UNINOVE, S\u00e3o Paulo, Brasil<br><strong>MARKETING <\/strong>\u2013 LEONARDO VILS, Universidade Nove de Julho \u2013 UNINOVE<br><strong>SUSTENTABILIDADE <\/strong>\u2013 HEIDY RODRIGUEZ RAMOS, Universidade Nove de Julho UNINOVE, S\u00e3o Paulo, Brasil<\/p>\n\n\n\n<p><br><br><\/p>\n\n\n\n<p><\/p>\n","protected":false},"excerpt":{"rendered":"<p>COORDENADOR GERAL JULIO ARAUJO CARNEIRO DA CUNHA \u2013 UNINOVE, S\u00e3o Paulo, Brasil COORDENADORES DE \u00c1REAS ESTRAT\u00c9GIA \u2013 FERNANDO ANTONIO RIBEIRO SERRA, Universidade Nove de Julho \u2013 UNINOVE, S\u00e3o Paulo, BrasilGEST\u00c3O DE PROJETOS \u2013 CRISTIANE DREBES PEDRON, Universidade Nove de Julho \u2013 UNINOVE, S\u00e3o Paulo, BrasilINOVA\u00c7\u00c3O E EMPREENDEDORISMO \u2013 PRISCILA REZENDE DA COSTA, Universidade Nove de [&hellip;]<\/p>\n","protected":false},"author":1,"featured_media":0,"parent":0,"menu_order":0,"comment_status":"closed","ping_status":"closed","template":"","meta":{"footnotes":""},"class_list":["post-6211","page","type-page","status-publish","hentry"],"_links":{"self":[{"href":"https:\/\/singep.org.br\/12\/wp-json\/wp\/v2\/pages\/6211","targetHints":{"allow":["GET"]}}],"collection":[{"href":"https:\/\/singep.org.br\/12\/wp-json\/wp\/v2\/pages"}],"about":[{"href":"https:\/\/singep.org.br\/12\/wp-json\/wp\/v2\/types\/page"}],"author":[{"embeddable":true,"href":"https:\/\/singep.org.br\/12\/wp-json\/wp\/v2\/users\/1"}],"replies":[{"embeddable":true,"href":"https:\/\/singep.org.br\/12\/wp-json\/wp\/v2\/comments?post=6211"}],"version-history":[{"count":7,"href":"https:\/\/singep.org.br\/12\/wp-json\/wp\/v2\/pages\/6211\/revisions"}],"predecessor-version":[{"id":8841,"href":"https:\/\/singep.org.br\/12\/wp-json\/wp\/v2\/pages\/6211\/revisions\/8841"}],"wp:attachment":[{"href":"https:\/\/singep.org.br\/12\/wp-json\/wp\/v2\/media?parent=6211"}],"curies":[{"name":"wp","href":"https:\/\/api.w.org\/{rel}","templated":true}]}}