{"id":97,"date":"2014-05-23T15:20:11","date_gmt":"2014-05-23T18:20:11","guid":{"rendered":"http:\/\/impermad.com.br\/singep\/?page_id=97"},"modified":"2023-08-22T16:20:02","modified_gmt":"2023-08-22T19:20:02","slug":"local","status":"publish","type":"page","link":"https:\/\/singep.org.br\/11\/local\/","title":{"rendered":"Local"},"content":{"rendered":"\n<p><strong>UNINOVE<br><\/strong><\/p>\n\n\n\n<p><strong>NO DIA <\/strong><strong><u>25 DE OUTUBRO DE 2023<\/u><\/strong><strong> O EVENTO SER\u00c1 <\/strong><strong><u>PRESENCIAL<\/u><\/strong><strong> NA UNINOVE VERGUEIRO:<\/strong><\/p>\n\n\n\n<p><strong>UNINOVE VERGUEIRO<\/strong><\/p>\n\n\n\n<p>Rua Vergueiro, 235\/249 &#8211; Liberdade, S\u00e3o Paulo \u2013 SP \u2013 Brasil<\/p>\n\n\n\n<p><strong><br>NOS DIAS <\/strong><strong>26 E 27 DE OUTUBRO DE 2023<\/strong><strong> O EVENTO SER\u00c1 <\/strong><strong>VIRTUAL E S\u00cdNCRONO<\/strong><strong>,<\/strong> realizado em plataforma digital, com acesso ap\u00f3s o login do participante.<\/p>\n\n\n\n<p><strong>NO DIA <\/strong><strong>27 DE OUTUBRO DE 2023<\/strong><strong> SER\u00c1 REALIZADA UMA CONFER\u00caNCIA PRESENCIAL NA PUC-RIO, <\/strong>planejada para os participantes do CIK, mas tamb\u00e9m aberta aos participantes do SINGEP.<\/p>\n\n\n","protected":false},"excerpt":{"rendered":"<p>UNINOVE NO DIA 25 DE OUTUBRO DE 2023 O EVENTO SER\u00c1 PRESENCIAL NA UNINOVE VERGUEIRO: UNINOVE VERGUEIRO Rua Vergueiro, 235\/249 &#8211; Liberdade, S\u00e3o Paulo \u2013 SP \u2013 Brasil NOS DIAS 26 E 27 DE OUTUBRO DE 2023 O EVENTO SER\u00c1 VIRTUAL E S\u00cdNCRONO, realizado em plataforma digital, com acesso ap\u00f3s o login do participante. NO [&hellip;]<\/p>\n","protected":false},"author":1,"featured_media":0,"parent":0,"menu_order":0,"comment_status":"closed","ping_status":"closed","template":"","meta":{"footnotes":""},"class_list":["post-97","page","type-page","status-publish","hentry"],"_links":{"self":[{"href":"https:\/\/singep.org.br\/11\/wp-json\/wp\/v2\/pages\/97","targetHints":{"allow":["GET"]}}],"collection":[{"href":"https:\/\/singep.org.br\/11\/wp-json\/wp\/v2\/pages"}],"about":[{"href":"https:\/\/singep.org.br\/11\/wp-json\/wp\/v2\/types\/page"}],"author":[{"embeddable":true,"href":"https:\/\/singep.org.br\/11\/wp-json\/wp\/v2\/users\/1"}],"replies":[{"embeddable":true,"href":"https:\/\/singep.org.br\/11\/wp-json\/wp\/v2\/comments?post=97"}],"version-history":[{"count":3,"href":"https:\/\/singep.org.br\/11\/wp-json\/wp\/v2\/pages\/97\/revisions"}],"predecessor-version":[{"id":8488,"href":"https:\/\/singep.org.br\/11\/wp-json\/wp\/v2\/pages\/97\/revisions\/8488"}],"wp:attachment":[{"href":"https:\/\/singep.org.br\/11\/wp-json\/wp\/v2\/media?parent=97"}],"curies":[{"name":"wp","href":"https:\/\/api.w.org\/{rel}","templated":true}]}}