{"id":5730,"date":"2018-06-30T15:42:42","date_gmt":"2018-06-30T18:42:42","guid":{"rendered":"http:\/\/singep.org.br\/11\/?page_id=5730"},"modified":"2023-07-03T13:29:49","modified_gmt":"2023-07-03T16:29:49","slug":"premiacao","status":"publish","type":"page","link":"https:\/\/singep.org.br\/11\/premiacao\/?lang=es","title":{"rendered":"Premiaci\u00f3n"},"content":{"rendered":"<p>Para concurrir a la premiaci\u00f3n, el(los) autor(es) del trabajo aprobado deben optar, en el acto de la presentaci\u00f3n, por la publicaci\u00f3n completa en los anales del XI SINGEP.<\/p>\n<p>Criterios adoptados para la selecci\u00f3n de los mejores trabajos del evento:<\/p>\n<p>\u2013 calidad, claridad y redacci\u00f3n del texto;<\/p>\n<p>\u2013 actualidad del tema del trabajo;<\/p>\n<p>\u2013 claridad en los objetivos;<\/p>\n<p>\u2013 adecuaci\u00f3n metodol\u00f3gica;<\/p>\n<p><span lang=\"es-ES\">forma de presentaci\u00f3n de los datos cuantitativos o cualitativos;<\/span><\/p>\n<p>\u2013 <span lang=\"es-ES\">basamento, amplitud y correcci\u00f3n en vista de los resultados obtenidos y;<\/span><\/p>\n<p>\u2013 <span lang=\"es-ES\">coherencia y exhaustividad de las referencias.<\/span><\/p>\n<p><span lang=\"es-ES\">*Criterios adoptados para la selecci\u00f3n de las mejores Tesis y Disertaciones:<\/span><\/p>\n<p>\u2013 <span lang=\"es-ES\">originalidad del trabajo;<\/span><\/p>\n<p>\u2013 <span lang=\"es-ES\">relevancia para el desarrollo cient\u00edfico, tecnol\u00f3gico, cultural, social y de innovaci\u00f3n.<\/span><\/p>\n<p><span lang=\"es-ES\">(*Modalidad restringida para los alumnos de los Programas de Posgrado que organizan el evento. Se considerar\u00e1n las Tesis y Disertaciones defendidas en el a\u00f1o anterior a la realizaci\u00f3n del evento. La evaluaci\u00f3n de esos trabajos estar\u00e1 a cargo de una comisi\u00f3n interna de cada programa).<\/span><\/p>\n<p><span lang=\"es-ES\"><b>Categor\u00edas de premiaci\u00f3n:<\/b><\/span><\/p>\n<p align=\"justify\"><span lang=\"es-ES\">(1) Categor\u00eda \u201cMejor Art\u00edculo Cient\u00edfico\u201d, considerando la selecci\u00f3n de los <\/span><span lang=\"es-ES\">tres<\/span><span lang=\"es-ES\"> <!-- Ajustar em ingl\u00eas e Espanhol, de \u201cseis\u201d para \u201ctr\u00eas\u201d -->mejores trabajos por tema (gesti\u00f3n de proyectos, innovaci\u00f3n y emprendimiento, sostenibilidad, estrategia, marketing e industria 4.0);<\/span><\/p>\n<p align=\"justify\"><span lang=\"es-ES\">(2) categor\u00eda \u201cMejor Relato T\u00e9cnico\u201d, que incluye la selecci\u00f3n de los tres<!-- Ajustar em ingl\u00eas e Espanhol, de \u201cseis\u201d para \u201ctr\u00eas\u201d --> mejores trabajos por tema (gesti\u00f3n de proyectos, innovaci\u00f3n y emprendimiento, sostenibilidad, estrategia, marketing e industria 4.0);<\/span><\/p>\n<p align=\"justify\"><span lang=\"es-ES\">(3) categor\u00eda \u201cMejor P\u00f3ster\u201d, considerando la selecci\u00f3n de los tres<!-- Ajustar em ingl\u00eas e Espanhol, de \u201cseis\u201d para \u201ctr\u00eas\u201d --> mejores trabajos por tema (gesti\u00f3n de proyectos, innovaci\u00f3n y emprendimiento, sostenibilidad, estrategia, marketing e industria 4.0);<\/span><\/p>\n<p align=\"justify\"><span lang=\"es-ES\">(4) Categor\u00eda \u201cMejor Trabajo del XI SINGEP\u201d, considerando la selecci\u00f3n del mejor trabajo del evento;<\/span><\/p>\n<p align=\"justify\"><span lang=\"es-ES\">(5) Categor\u00eda \u201cDistinci\u00f3n al M\u00e9rito\u201d para los tres mejores evaluadores del evento.<\/span><\/p>\n<p align=\"justify\"><span lang=\"es-ES\">(6) Categor\u00eda \u201cMejor Disertaci\u00f3n\u201d, considerando la selecci\u00f3n de las tres mejores disertaciones de los programas organizadores del evento (PPGA y PPGP UNINOVE);<\/span><\/p>\n<p align=\"justify\"><span lang=\"es-ES\">(7) Categor\u00eda \u201cMejor Tesis\u201d, contemplando la selecci\u00f3n de las tres mejores tesis de los programas organizadores del evento (PPGA y PPGP UNINOVE).<\/span><\/p>\n","protected":false},"excerpt":{"rendered":"<p>Para concurrir a la premiaci\u00f3n, el(los) autor(es) del trabajo aprobado deben optar, en el acto de la presentaci\u00f3n, por la publicaci\u00f3n completa en los anales del XI SINGEP. Criterios adoptados para la selecci\u00f3n de los mejores trabajos del evento: \u2013 calidad, claridad y redacci\u00f3n del texto; \u2013 actualidad del tema del trabajo; \u2013 claridad en [&hellip;]<\/p>\n","protected":false},"author":1,"featured_media":0,"parent":0,"menu_order":0,"comment_status":"closed","ping_status":"open","template":"","meta":{"footnotes":""},"class_list":["post-5730","page","type-page","status-publish","hentry"],"_links":{"self":[{"href":"https:\/\/singep.org.br\/11\/wp-json\/wp\/v2\/pages\/5730","targetHints":{"allow":["GET"]}}],"collection":[{"href":"https:\/\/singep.org.br\/11\/wp-json\/wp\/v2\/pages"}],"about":[{"href":"https:\/\/singep.org.br\/11\/wp-json\/wp\/v2\/types\/page"}],"author":[{"embeddable":true,"href":"https:\/\/singep.org.br\/11\/wp-json\/wp\/v2\/users\/1"}],"replies":[{"embeddable":true,"href":"https:\/\/singep.org.br\/11\/wp-json\/wp\/v2\/comments?post=5730"}],"version-history":[{"count":3,"href":"https:\/\/singep.org.br\/11\/wp-json\/wp\/v2\/pages\/5730\/revisions"}],"predecessor-version":[{"id":8383,"href":"https:\/\/singep.org.br\/11\/wp-json\/wp\/v2\/pages\/5730\/revisions\/8383"}],"wp:attachment":[{"href":"https:\/\/singep.org.br\/11\/wp-json\/wp\/v2\/media?parent=5730"}],"curies":[{"name":"wp","href":"https:\/\/api.w.org\/{rel}","templated":true}]}}