{"id":5564,"date":"2018-06-29T09:47:04","date_gmt":"2018-06-29T12:47:04","guid":{"rendered":"http:\/\/singep.org.br\/11\/?page_id=5564"},"modified":"2023-07-06T16:28:22","modified_gmt":"2023-07-06T19:28:22","slug":"vii-singep","status":"publish","type":"page","link":"https:\/\/singep.org.br\/11\/vii-singep\/?lang=es","title":{"rendered":"XI Singep y 11\u00aa CIK"},"content":{"rendered":"\n<p>El tema central del XI SINGEP-CIK es&nbsp;<strong>\u201cInteligencia Artificial y Desarrollo Sostenible Transformando los Negocios\u201d<\/strong>. Por tanto, se busca promover debates sobre los avances de los modelos de gesti\u00f3n a partir de la Inteligencia Artificial (IA) y de los Objetivos de Desarrollo Sostenible (ODS) para transformar y escalar los negocios, fortaleciendo y expandiendo las conexiones con investigadores y practicantes.<\/p>\n\n\n\n<p>El<strong>&nbsp;Simposio Internacional de Gesti\u00f3n, Proyectos, Innovaci\u00f3n y Sostenibilidad (SINGEP)&nbsp;<\/strong>tiene como principal objetivo ampliar el espacio para la discusi\u00f3n de los temas: Gesti\u00f3n de Proyectos, Innovaci\u00f3n y Emprendimiento, Sostenibilidad, Estrategia, Marketing e Industria 4.0.<\/p>\n\n\n\n<p>El evento est\u00e1 dirigido al p\u00fablico acad\u00e9mico y profesional y busca establecer contacto entre la pr\u00e1ctica y la teor\u00eda de esas \u00e1reas. Tal iniciativa busca proporcionar un espacio de relevancia para las discusiones, de car\u00e1cter cient\u00edfico y tecnol\u00f3gico, con la intenci\u00f3n de ampliar la formaci\u00f3n de los profesionales de esas \u00e1reas.<\/p>\n\n\n\n<p>Con gran satisfacci\u00f3n comunicamos la continuidad de la asociaci\u00f3n del&nbsp;<strong>SINGEP&nbsp;<\/strong>con la&nbsp;<strong>Conferencia Internacional del CIK<\/strong>&nbsp;(CYRUS Institute of Knowledge). El CIK es un evento organizado por investigadores de la Bentley University, ESCA Ecole de Management, Southern New Hampshire University y la Suffolk University.<\/p>\n\n\n\n<p><strong><strong>\u00a1Mant\u00e9ngase atento a las fechas y a las novedades del evento!<\/strong><\/strong><\/p>\n\n\n\n<p><strong>Organizaci\u00f3n<\/strong><\/p>\n\n\n\n<figure class=\"wp-block-image size-large\"><img loading=\"lazy\" decoding=\"async\" width=\"443\" height=\"364\" src=\"https:\/\/singep.org.br\/11\/wp-content\/uploads\/sites\/10\/2021\/06\/logo_ppga_ppgp_2021-1.jpg\" alt=\"\" class=\"wp-image-6597\" srcset=\"https:\/\/singep.org.br\/11\/wp-content\/uploads\/sites\/10\/2021\/06\/logo_ppga_ppgp_2021-1.jpg 443w, https:\/\/singep.org.br\/11\/wp-content\/uploads\/sites\/10\/2021\/06\/logo_ppga_ppgp_2021-1-300x247.jpg 300w, https:\/\/singep.org.br\/11\/wp-content\/uploads\/sites\/10\/2021\/06\/logo_ppga_ppgp_2021-1-150x123.jpg 150w\" sizes=\"auto, (max-width: 443px) 100vw, 443px\" \/><\/figure>\n","protected":false},"excerpt":{"rendered":"<p>El tema central del XI SINGEP-CIK es&nbsp;\u201cInteligencia Artificial y Desarrollo Sostenible Transformando los Negocios\u201d. Por tanto, se busca promover debates sobre los avances de los modelos de gesti\u00f3n a partir de la Inteligencia Artificial (IA) y de los Objetivos de Desarrollo Sostenible (ODS) para transformar y escalar los negocios, fortaleciendo y expandiendo las conexiones con [&hellip;]<\/p>\n","protected":false},"author":1,"featured_media":0,"parent":0,"menu_order":0,"comment_status":"closed","ping_status":"closed","template":"","meta":{"footnotes":""},"class_list":["post-5564","page","type-page","status-publish","hentry"],"_links":{"self":[{"href":"https:\/\/singep.org.br\/11\/wp-json\/wp\/v2\/pages\/5564","targetHints":{"allow":["GET"]}}],"collection":[{"href":"https:\/\/singep.org.br\/11\/wp-json\/wp\/v2\/pages"}],"about":[{"href":"https:\/\/singep.org.br\/11\/wp-json\/wp\/v2\/types\/page"}],"author":[{"embeddable":true,"href":"https:\/\/singep.org.br\/11\/wp-json\/wp\/v2\/users\/1"}],"replies":[{"embeddable":true,"href":"https:\/\/singep.org.br\/11\/wp-json\/wp\/v2\/comments?post=5564"}],"version-history":[{"count":4,"href":"https:\/\/singep.org.br\/11\/wp-json\/wp\/v2\/pages\/5564\/revisions"}],"predecessor-version":[{"id":8446,"href":"https:\/\/singep.org.br\/11\/wp-json\/wp\/v2\/pages\/5564\/revisions\/8446"}],"wp:attachment":[{"href":"https:\/\/singep.org.br\/11\/wp-json\/wp\/v2\/media?parent=5564"}],"curies":[{"name":"wp","href":"https:\/\/api.w.org\/{rel}","templated":true}]}}