{"id":32,"date":"2014-05-23T14:16:29","date_gmt":"2014-05-23T17:16:29","guid":{"rendered":"http:\/\/impermad.com.br\/singep\/?page_id=32"},"modified":"2023-06-09T15:22:06","modified_gmt":"2023-06-09T18:22:06","slug":"regras-para-submissao","status":"publish","type":"page","link":"https:\/\/singep.org.br\/11\/regras-para-submissao\/","title":{"rendered":"Regras para submiss\u00e3o"},"content":{"rendered":"\n<p><\/p>\n\n\n\n<p><\/p>\n\n\n\n<p><\/p>\n\n\n\n<p><strong>Regras para submiss\u00e3o de trabalhos<\/strong><\/p>\n\n\n\n<p>Os autores podem submeter seus trabalhos no formato de&nbsp;<strong>artigo cient\u00edfico<\/strong>,&nbsp;<strong>relato t\u00e9cnico<\/strong>&nbsp;ou&nbsp;<strong>p\u00f4ster<\/strong>&nbsp;para uma das seis \u00e1reas de interesse do evento: Gest\u00e3o de Projetos, Inova\u00e7\u00e3o e Empreendedorismo, Sustentabilidade, Estrat\u00e9gia, Marketing, e Ind\u00fastria 4.0.<\/p>\n\n\n\n<p>No momento da submiss\u00e3o do trabalho (texto completo), o autor poder\u00e1&nbsp;<strong>optar por&nbsp;publica\u00e7\u00e3o de texto completo ou apenas o resumo<\/strong>, em caso de aprova\u00e7\u00e3o e apresenta\u00e7\u00e3o do trabalho.<\/p>\n\n\n\n<p>Cada autor poder\u00e1 submeter, <strong>no m\u00e1ximo<\/strong>, <strong>4 trabalhos<\/strong> para o evento SINGEP.<\/p>\n\n\n\n<p>Cada trabalho poder\u00e1 ter <strong>at\u00e9 4 autores<\/strong>.<\/p>\n\n\n\n<p><strong>As se\u00e7\u00f5es de apresenta\u00e7\u00f5es dos trabalhos aceitos no XI SINGEP ser\u00e3o realizadas exclusivamente no formato VIRTUAL, no dia 26\/10\/2023.<\/strong><\/p>\n\n\n<div class=\"cosmo-unorderedlist bullet\"><\/p>\n<ul>\n<li><a title=\"Modalidade Artigo Cient\u00edfico\" href=\"http:\/\/singep.org.br\/11\/regras-para-submissao\/formatacao-para-artigos-cientificos\/\">Formata\u00e7\u00e3o&nbsp;Artigo Cient\u00edfico<\/a><\/li>\n<li><a title=\"Modalidade Relato T\u00e9cnico\" href=\"http:\/\/singep.org.br\/11\/regras-para-submissao\/formatacao-para-relato-tecnico\/\">Formata\u00e7\u00e3o&nbsp;Relato T\u00e9cnico<\/a><\/li>\n<li><a title=\"Modalidade P\u00f4ster\" href=\"http:\/\/singep.org.br\/11\/regras-para-submissao\/formatacao-poster\/\">Formata\u00e7\u00e3o&nbsp;P\u00f4ster<\/a><\/li>\n<li><a title=\"Orienta\u00e7\u00f5es para avaliadores\" href=\"https:\/\/singep.org.br\/11\/orientacoes-para-os-avaliadores\/\">Orienta\u00e7\u00f5es para &nbsp;avaliadores <\/a><\/li>\n<\/ul>\n<p><\/div>\n\n\n\n<h3 class=\"wp-block-heading\">&nbsp;<\/h3>\n","protected":false},"excerpt":{"rendered":"<p>Regras para submiss\u00e3o de trabalhos Os autores podem submeter seus trabalhos no formato de&nbsp;artigo cient\u00edfico,&nbsp;relato t\u00e9cnico&nbsp;ou&nbsp;p\u00f4ster&nbsp;para uma das seis \u00e1reas de interesse do evento: Gest\u00e3o de Projetos, Inova\u00e7\u00e3o e Empreendedorismo, Sustentabilidade, Estrat\u00e9gia, Marketing, e Ind\u00fastria 4.0. No momento da submiss\u00e3o do trabalho (texto completo), o autor poder\u00e1&nbsp;optar por&nbsp;publica\u00e7\u00e3o de texto completo ou apenas o resumo, [&hellip;]<\/p>\n","protected":false},"author":1,"featured_media":0,"parent":0,"menu_order":0,"comment_status":"closed","ping_status":"closed","template":"","meta":{"footnotes":""},"class_list":["post-32","page","type-page","status-publish","hentry"],"_links":{"self":[{"href":"https:\/\/singep.org.br\/11\/wp-json\/wp\/v2\/pages\/32","targetHints":{"allow":["GET"]}}],"collection":[{"href":"https:\/\/singep.org.br\/11\/wp-json\/wp\/v2\/pages"}],"about":[{"href":"https:\/\/singep.org.br\/11\/wp-json\/wp\/v2\/types\/page"}],"author":[{"embeddable":true,"href":"https:\/\/singep.org.br\/11\/wp-json\/wp\/v2\/users\/1"}],"replies":[{"embeddable":true,"href":"https:\/\/singep.org.br\/11\/wp-json\/wp\/v2\/comments?post=32"}],"version-history":[{"count":7,"href":"https:\/\/singep.org.br\/11\/wp-json\/wp\/v2\/pages\/32\/revisions"}],"predecessor-version":[{"id":8135,"href":"https:\/\/singep.org.br\/11\/wp-json\/wp\/v2\/pages\/32\/revisions\/8135"}],"wp:attachment":[{"href":"https:\/\/singep.org.br\/11\/wp-json\/wp\/v2\/media?parent=32"}],"curies":[{"name":"wp","href":"https:\/\/api.w.org\/{rel}","templated":true}]}}